{"id":5,"date":"2019-05-14T15:35:36","date_gmt":"2019-05-14T13:35:36","guid":{"rendered":"http:\/\/vitasociale.chiesadigenova.it\/?page_id=5"},"modified":"2025-02-06T17:34:17","modified_gmt":"2025-02-06T16:34:17","slug":"home-page","status":"publish","type":"page","link":"https:\/\/www.chiesadigenova.it\/vitasociale\/","title":{"rendered":"Home Page"},"content":{"rendered":"<div id=\"pl-5\"  class=\"panel-layout\" ><div id=\"pg-5-0\"  class=\"panel-grid panel-has-style\" ><div id=\"centro_hp\" class=\"panel-row-style panel-row-style-for-5-0\" ><div id=\"pgc-5-0-0\"  class=\"panel-grid-cell\" ><div id=\"panel-5-0-0-0\" class=\"so-panel widget widget_bso-so-widget-all-in-one panel-first-child panel-last-child\" data-index=\"0\" ><div id=\"news_one\" class=\"panel-widget-style panel-widget-style-for-5-0-0-0\" ><div\n\t\t\t\n\t\t\tclass=\"so-widget-bso-so-widget-all-in-one so-widget-bso-so-widget-all-in-one-default-d75171398898-5\"\n\t\t\t\n\t\t><div>\n<div class=\"widget_title\">Ultime <b>Notizie<\/b><div class=\"arch_news\"><a href=\"\/vitasociale\/category\/notizie\/\">Tutte le news <i class=\"fa-solid fa-arrow-right\"><\/i><\/a><\/div><\/div>                             <div class=\"single_news\">\n<div class=\"immagineapp\"><a href=\"https:\/\/www.chiesadigenova.it\/vitasociale\/percorso-di-formazione-politica-lunedi-13-aprile-incontro-alla-sala-quadrivium\/\"><img decoding=\"async\" src=\"https:\/\/www.chiesadigenova.it\/vitasociale\/wp-content\/uploads\/sites\/9\/2025\/02\/tavolo-relatori-piu-bella-e1769613737814-150x150.jpg\" \/><\/a><\/div>\n<h2><a href=\"https:\/\/www.chiesadigenova.it\/vitasociale\/percorso-di-formazione-politica-lunedi-13-aprile-incontro-alla-sala-quadrivium\/\">Percorso di formazione politica: luned\u00ec 13 aprile incontro alla Sala Quadrivium<\/a><\/h2>\n<h5><\/h5>\n<div class=\"preview_txt\">Prosegue il percorso di formazione politica promosso dall\u2019Arcidiocesi di Genova, con un nuovo appuntamento in programma luned\u00ec 13 aprile 2026 alle ore 18 alla Sala Quadrivium. L\u2019incontro sar\u00e0 introdotto da Don Massimiliano Moretti, coordinatore del percorso, e avr\u00e0&hellip; <a href=\"https:\/\/www.chiesadigenova.it\/vitasociale\/percorso-di-formazione-politica-lunedi-13-aprile-incontro-alla-sala-quadrivium\/\" class=\"read-more\">leggi \u00bb<\/a><\/div>\n<\/div>\n                                                       <div class=\"single_news\">\n<div class=\"immagineapp\"><a href=\"https:\/\/www.chiesadigenova.it\/vitasociale\/verso-il-referendum-costituzionale-martedi-17-marzo-dibattito-al-quadrivium\/\"><img decoding=\"async\" src=\"https:\/\/www.chiesadigenova.it\/vitasociale\/wp-content\/uploads\/sites\/9\/2025\/02\/tavolo-relatori-piu-bella-e1769613737814-150x150.jpg\" \/><\/a><\/div>\n<h2><a href=\"https:\/\/www.chiesadigenova.it\/vitasociale\/verso-il-referendum-costituzionale-martedi-17-marzo-dibattito-al-quadrivium\/\">Verso il Referendum costituzionale, marted\u00ec 17 marzo dibattito al Quadrivium<\/a><\/h2>\n<h5><\/h5>\n<div class=\"preview_txt\">Domenica 22 e luned\u00ec 23 marzo saremo chiamati alle urne per votare al referendum popolare confermativo della legge costituzionale recante:\u00a0\u00abNorme in materia di ordinamento giurisdizionale e di istituzione della Corte disciplinare\u00bb. Per aiutare i cittadini a comprendere meglio il quesito e l\u2019oggetto del referendum, il\u00a0Percorso Diocesano di Formazione Socio-Politica\u00a0ha in programma un dibattito in cui le \u201cragioni del s\u00ec\u201d e&hellip; <a href=\"https:\/\/www.chiesadigenova.it\/vitasociale\/verso-il-referendum-costituzionale-martedi-17-marzo-dibattito-al-quadrivium\/\" class=\"read-more\">leggi \u00bb<\/a><\/div>\n<\/div>\n                                                       <div class=\"single_news\">\n<div class=\"immagineapp\"><a href=\"https:\/\/www.chiesadigenova.it\/vitasociale\/formazione-politica-lunedi-9-marzo-incontro-con-erica-tossani\/\"><img decoding=\"async\" src=\"https:\/\/www.chiesadigenova.it\/vitasociale\/wp-content\/uploads\/sites\/9\/2022\/02\/GIOIO-023-150x150.jpg\" \/><\/a><\/div>\n<h2><a href=\"https:\/\/www.chiesadigenova.it\/vitasociale\/formazione-politica-lunedi-9-marzo-incontro-con-erica-tossani\/\">Formazione politica, luned\u00ec 9 marzo incontro con Erica Tossani<\/a><\/h2>\n<h5><\/h5>\n<div class=\"preview_txt\">Luned\u00ec 9 marzo alle ore 18\u00a0alla\u00a0Sala Quadrivium\u00a0il Percorso diocesano di Formazione Politica condotto da\u00a0don Massimiliano Moretti\u00a0propone un incontro con\u00a0Erica Tossani, Direttrice di Caritas Ambrosiana, che interviene sul tema\u00a0\u201cSolidariet\u00e0: abitare il mondo con lo sguardo del noi\u201d. Porter\u00e0 la sua testimonianza\u00a0Stefano Salvetti\u00a0del Sicet, Sindacato Inquilini Casa e territorio. <a href=\"https:\/\/www.chiesadigenova.it\/vitasociale\/formazione-politica-lunedi-9-marzo-incontro-con-erica-tossani\/\" class=\"read-more\">leggi \u00bb<\/a><\/div>\n<\/div>\n                           <\/div><\/div><\/div><\/div><\/div><div id=\"pgc-5-0-1\"  class=\"panel-grid-cell\" ><div id=\"panel-5-0-1-0\" class=\"so-panel widget widget_sow-editor panel-first-child\" data-index=\"1\" ><div\n\t\t\t\n\t\t\tclass=\"so-widget-sow-editor so-widget-sow-editor-base\"\n\t\t\t\n\t\t>\n<div class=\"siteorigin-widget-tinymce textwidget\">\n\t<p style=\"text-align: left;\"><strong style=\"font-size: inherit;\">Coordinatore<\/strong><strong><img loading=\"lazy\" decoding=\"async\" class=\"alignleft wp-image-16 \" src=\"https:\/\/www.chiesadigenova.it\/vitasociale\/wp-content\/uploads\/sites\/9\/2019\/05\/carz.jpg\" alt=\"\" width=\"78\" height=\"96\" \/><\/strong><br \/>\n<a href=\"http:\/\/www.chiesadigenova.it\/wd-annuario-persone\/gian-piero-carzino-462\/\">Don Gian Piero Carzino<\/a><\/p>\n<p>&nbsp;<\/p>\n<p><strong><br \/>\nsede:<\/strong> Via del Molo, 22 - 16128 Genova<\/p>\n<p>tel. 0102466488 Email: segreteria@cappellanigenova.it - <a href=\"https:\/\/cappellanigenova.it\/\">www.cappellanigenova.it<\/a><\/p>\n<p><strong>Orario di apertura al pubblico dell'ufficio:<\/strong><\/p>\n<div>da luned\u00ec a gioved\u00ec ore 9-12 e ore 15-17;<\/div>\n<div>venerd\u00ec 9-12<\/div>\n<\/div>\n<\/div><\/div><div id=\"panel-5-0-1-1\" class=\"so-panel widget widget_sow-image\" data-index=\"2\" ><div\n\t\t\t\n\t\t\tclass=\"so-widget-sow-image so-widget-sow-image-default-8b5b6f678277-504\"\n\t\t\t\n\t\t>\n\n<div class=\"sow-image-container\">\n\t\t\t<a href=\"https:\/\/cappellanigenova.it\/\"\n\t\t\ttarget=\"_blank\" rel=\"noopener noreferrer\" \t\t>\n\t\t\t<img loading=\"lazy\" decoding=\"async\" src=\"https:\/\/www.chiesadigenova.it\/vitasociale\/wp-content\/uploads\/sites\/9\/2021\/10\/logo-armo-300.jpg\" width=\"309\" height=\"125\" srcset=\"https:\/\/www.chiesadigenova.it\/vitasociale\/wp-content\/uploads\/sites\/9\/2021\/10\/logo-armo-300.jpg 309w, https:\/\/www.chiesadigenova.it\/vitasociale\/wp-content\/uploads\/sites\/9\/2021\/10\/logo-armo-300-300x121.jpg 300w\" sizes=\"auto, (max-width: 309px) 100vw, 309px\" title=\"Sito cappellani del lavoro\" alt=\"https:\/\/cappellanigenova.it\/\" \t\tclass=\"so-widget-image\"\/>\n\t<\/a><\/div>\n\n<\/div><\/div><div id=\"panel-5-0-1-2\" class=\"so-panel widget widget_sow-image\" data-index=\"3\" ><div\n\t\t\t\n\t\t\tclass=\"so-widget-sow-image so-widget-sow-image-default-8b5b6f678277-504\"\n\t\t\t\n\t\t>\n\n<div class=\"sow-image-container\">\n\t\t\t<a href=\"https:\/\/lavoro.chiesacattolica.it\/\"\n\t\t\ttarget=\"_blank\" rel=\"noopener noreferrer\" \t\t>\n\t\t\t<img loading=\"lazy\" decoding=\"async\" src=\"https:\/\/www.chiesadigenova.it\/vitasociale\/wp-content\/uploads\/sites\/9\/2021\/11\/uff-lavoro-cei-scaled.jpg\" width=\"2560\" height=\"565\" srcset=\"https:\/\/www.chiesadigenova.it\/vitasociale\/wp-content\/uploads\/sites\/9\/2021\/11\/uff-lavoro-cei-scaled.jpg 2560w, https:\/\/www.chiesadigenova.it\/vitasociale\/wp-content\/uploads\/sites\/9\/2021\/11\/uff-lavoro-cei-300x66.jpg 300w, https:\/\/www.chiesadigenova.it\/vitasociale\/wp-content\/uploads\/sites\/9\/2021\/11\/uff-lavoro-cei-1024x226.jpg 1024w, https:\/\/www.chiesadigenova.it\/vitasociale\/wp-content\/uploads\/sites\/9\/2021\/11\/uff-lavoro-cei-768x170.jpg 768w, https:\/\/www.chiesadigenova.it\/vitasociale\/wp-content\/uploads\/sites\/9\/2021\/11\/uff-lavoro-cei-1536x339.jpg 1536w, https:\/\/www.chiesadigenova.it\/vitasociale\/wp-content\/uploads\/sites\/9\/2021\/11\/uff-lavoro-cei-2048x452.jpg 2048w, https:\/\/www.chiesadigenova.it\/vitasociale\/wp-content\/uploads\/sites\/9\/2021\/11\/uff-lavoro-cei-800x177.jpg 800w, https:\/\/www.chiesadigenova.it\/vitasociale\/wp-content\/uploads\/sites\/9\/2021\/11\/uff-lavoro-cei-1200x265.jpg 1200w\" sizes=\"auto, (max-width: 2560px) 100vw, 2560px\" title=\"lavoro.chiesacattolica\" alt=\"https:\/\/lavoro.chiesacattolica.it\/\" \t\tclass=\"so-widget-image\"\/>\n\t<\/a><\/div>\n\n<\/div><\/div><div id=\"panel-5-0-1-3\" class=\"so-panel widget widget_sow-image\" data-index=\"4\" ><div\n\t\t\t\n\t\t\tclass=\"so-widget-sow-image so-widget-sow-image-default-8b5b6f678277-504\"\n\t\t\t\n\t\t>\n\n<div class=\"sow-image-container\">\n\t\t\t<a href=\"https:\/\/youtube.com\/playlist?list=PLGr7dhpU60gwq2gyo12Z_4FcrKnP5_AEi\"\n\t\t\ttarget=\"_blank\" rel=\"noopener noreferrer\" \t\t>\n\t\t\t<img loading=\"lazy\" decoding=\"async\" src=\"https:\/\/www.chiesadigenova.it\/vitasociale\/wp-content\/uploads\/sites\/9\/2022\/05\/YouTube-Lavoro.png\" width=\"1578\" height=\"311\" srcset=\"https:\/\/www.chiesadigenova.it\/vitasociale\/wp-content\/uploads\/sites\/9\/2022\/05\/YouTube-Lavoro.png 1578w, https:\/\/www.chiesadigenova.it\/vitasociale\/wp-content\/uploads\/sites\/9\/2022\/05\/YouTube-Lavoro-300x59.png 300w, https:\/\/www.chiesadigenova.it\/vitasociale\/wp-content\/uploads\/sites\/9\/2022\/05\/YouTube-Lavoro-1024x202.png 1024w, https:\/\/www.chiesadigenova.it\/vitasociale\/wp-content\/uploads\/sites\/9\/2022\/05\/YouTube-Lavoro-768x151.png 768w, https:\/\/www.chiesadigenova.it\/vitasociale\/wp-content\/uploads\/sites\/9\/2022\/05\/YouTube-Lavoro-1536x303.png 1536w, https:\/\/www.chiesadigenova.it\/vitasociale\/wp-content\/uploads\/sites\/9\/2022\/05\/YouTube-Lavoro-800x158.png 800w, https:\/\/www.chiesadigenova.it\/vitasociale\/wp-content\/uploads\/sites\/9\/2022\/05\/YouTube-Lavoro-1200x237.png 1200w\" sizes=\"auto, (max-width: 1578px) 100vw, 1578px\" title=\"youtube\" alt=\"https:\/\/youtube.com\/playlist?list=PLGr7dhpU60gwq2gyo12Z_4FcrKnP5_AEi\" \t\tclass=\"so-widget-image\"\/>\n\t<\/a><\/div>\n\n<\/div><\/div><div id=\"panel-5-0-1-4\" class=\"so-panel widget widget_sow-image panel-last-child\" data-index=\"5\" ><div\n\t\t\t\n\t\t\tclass=\"so-widget-sow-image so-widget-sow-image-default-dbf295114b96-504\"\n\t\t\t\n\t\t>\n\n<div class=\"sow-image-container\">\n\t\t\t<a href=\"https:\/\/www.chiesadigenova.it\/\"\n\t\t\ttarget=\"_blank\" rel=\"noopener noreferrer\" \t\t>\n\t\t\t<img loading=\"lazy\" decoding=\"async\" src=\"https:\/\/www.chiesadigenova.it\/vitasociale\/wp-content\/uploads\/sites\/9\/2024\/09\/chiesadiGenova.png\" width=\"342\" height=\"87\" srcset=\"https:\/\/www.chiesadigenova.it\/vitasociale\/wp-content\/uploads\/sites\/9\/2024\/09\/chiesadiGenova.png 342w, https:\/\/www.chiesadigenova.it\/vitasociale\/wp-content\/uploads\/sites\/9\/2024\/09\/chiesadiGenova-300x76.png 300w\" sizes=\"auto, (max-width: 342px) 100vw, 342px\" title=\"chiesadigenova.it\" alt=\"chiesadigenova.it\" \t\tclass=\"so-widget-image\"\/>\n\t<\/a><\/div>\n\n<\/div><\/div><\/div><\/div><\/div><\/div>","protected":false},"excerpt":{"rendered":"<p>Coordinatore Don Gian Piero Carzino &nbsp; sede: Via del Molo, 22 &#8211; 16128 Genova tel. 0102466488 Email: segreteria@cappellanigenova.it &#8211; www.cappellanigenova.it Orario di apertura al pubblico dell&#8217;ufficio: da luned\u00ec a gioved\u00ec ore 9-12 e ore 15-17; venerd\u00ec 9-12<\/p>\n","protected":false},"author":1,"featured_media":0,"parent":0,"menu_order":0,"comment_status":"closed","ping_status":"closed","template":"","meta":{"_acf_changed":false,"footnotes":""},"class_list":["post-5","page","type-page","status-publish","hentry"],"acf":{"seed-localization-paese-cod":"","seed-localization-address":"","seed-localization-citta":"","seed-localization-regione-cod-istat":"","seed-localization-citta-cod-istat":"","seed-localization-localita":"","seed-localization-cap":"","seed-localization-geo":{"lat":41.9053433,"lng":12.5093079,"zoom":10,"layers":["OpenStreetMap.Mapnik"],"markers":[],"address":"","version":"1.5.6"},"seed-localization-marker-visibility":false,"seed-localization-children-visibility":false,"seed-localization-kml":"","seed-localization-custom-marker":""},"_links":{"self":[{"href":"https:\/\/www.chiesadigenova.it\/vitasociale\/wp-json\/wp\/v2\/pages\/5","targetHints":{"allow":["GET"]}}],"collection":[{"href":"https:\/\/www.chiesadigenova.it\/vitasociale\/wp-json\/wp\/v2\/pages"}],"about":[{"href":"https:\/\/www.chiesadigenova.it\/vitasociale\/wp-json\/wp\/v2\/types\/page"}],"author":[{"embeddable":true,"href":"https:\/\/www.chiesadigenova.it\/vitasociale\/wp-json\/wp\/v2\/users\/1"}],"replies":[{"embeddable":true,"href":"https:\/\/www.chiesadigenova.it\/vitasociale\/wp-json\/wp\/v2\/comments?post=5"}],"version-history":[{"count":50,"href":"https:\/\/www.chiesadigenova.it\/vitasociale\/wp-json\/wp\/v2\/pages\/5\/revisions"}],"predecessor-version":[{"id":430,"href":"https:\/\/www.chiesadigenova.it\/vitasociale\/wp-json\/wp\/v2\/pages\/5\/revisions\/430"}],"wp:attachment":[{"href":"https:\/\/www.chiesadigenova.it\/vitasociale\/wp-json\/wp\/v2\/media?parent=5"}],"curies":[{"name":"wp","href":"https:\/\/api.w.org\/{rel}","templated":true}]}}