{"id":317,"date":"2019-05-14T17:59:24","date_gmt":"2019-05-14T15:59:24","guid":{"rendered":"http:\/\/scolastico.chiesadigenova.it\/?page_id=317"},"modified":"2021-12-23T17:38:02","modified_gmt":"2021-12-23T16:38:02","slug":"contatti","status":"publish","type":"page","link":"https:\/\/www.chiesadigenova.it\/scolastico\/contatti\/","title":{"rendered":"Contatti"},"content":{"rendered":"<p>Coordinatore Ufficio per l&#8217;insegnamento della Religione cattolica: Don Bruno SOPRANZI<\/p>\n<p>Coordinatore Ufficio per la Scuola: Prof. Massimiliano Costa<\/p>\n<p>Segreteria: Sig.ra Simonetta Carossino<\/p>\n<p>ORARIO DI APERTURA AL PUBBLICO<br \/>\ndal luned\u00ec al venerd\u00ec, solo la mattina, ore 9.00 &#8211; 12.30<br \/>\ngioved\u00ec, anche il pomeriggio, ore 14.30 &#8211; 17.00<\/p>\n<p>tel. 010\/2700.238<\/p>\n<p>fax 010\/2700.236<\/p>\n<p><a href=\"mailto:scuola@diocesi.genova.it\">scuola@diocesi.genova.it<\/a><\/p>\n","protected":false},"excerpt":{"rendered":"<p>Coordinatore Ufficio per l&#8217;insegnamento della Religione cattolica: Don Bruno SOPRANZI Coordinatore Ufficio per la Scuola: Prof. Massimiliano Costa Segreteria: Sig.ra Simonetta Carossino ORARIO DI APERTURA AL PUBBLICO dal luned\u00ec al venerd\u00ec, solo la mattina, ore 9.00 &#8211; 12.30 gioved\u00ec, anche il pomeriggio, ore 14.30 &#8211; 17.00 tel. 010\/2700.238 fax 010\/2700.236 scuola@diocesi.genova.it<\/p>\n","protected":false},"author":1,"featured_media":0,"parent":0,"menu_order":0,"comment_status":"closed","ping_status":"closed","template":"","meta":{"_acf_changed":false,"footnotes":""},"class_list":["post-317","page","type-page","status-publish","hentry"],"acf":{"seed-localization-paese-cod":"IT","seed-localization-address":"","seed-localization-citta":"Genova","seed-localization-regione-cod-istat":"07","seed-localization-citta-cod-istat":"010025","seed-localization-localita":"","seed-localization-cap":"","seed-localization-geo":{"lat":41.9053433,"lng":12.5099945,"zoom":10,"markers":[],"address":"","layers":["OpenStreetMap.Mapnik"],"version":"1.3.2"},"seed-localization-marker-visibility":false,"seed-localization-children-visibility":false,"seed-localization-kml":"","seed-localization-custom-marker":""},"_links":{"self":[{"href":"https:\/\/www.chiesadigenova.it\/scolastico\/wp-json\/wp\/v2\/pages\/317","targetHints":{"allow":["GET"]}}],"collection":[{"href":"https:\/\/www.chiesadigenova.it\/scolastico\/wp-json\/wp\/v2\/pages"}],"about":[{"href":"https:\/\/www.chiesadigenova.it\/scolastico\/wp-json\/wp\/v2\/types\/page"}],"author":[{"embeddable":true,"href":"https:\/\/www.chiesadigenova.it\/scolastico\/wp-json\/wp\/v2\/users\/1"}],"replies":[{"embeddable":true,"href":"https:\/\/www.chiesadigenova.it\/scolastico\/wp-json\/wp\/v2\/comments?post=317"}],"version-history":[{"count":2,"href":"https:\/\/www.chiesadigenova.it\/scolastico\/wp-json\/wp\/v2\/pages\/317\/revisions"}],"predecessor-version":[{"id":768,"href":"https:\/\/www.chiesadigenova.it\/scolastico\/wp-json\/wp\/v2\/pages\/317\/revisions\/768"}],"wp:attachment":[{"href":"https:\/\/www.chiesadigenova.it\/scolastico\/wp-json\/wp\/v2\/media?parent=317"}],"curies":[{"name":"wp","href":"https:\/\/api.w.org\/{rel}","templated":true}]}}

<p>Coordinatore Ufficio per l&#8217;insegnamento della Religione cattolica: Don Bruno SOPRANZI</p>
<p>Coordinatore Ufficio per la Scuola: Prof. Massimiliano Costa</p>
<p>Segreteria: Sig.ra Simonetta Carossino</p>
<p>ORARIO DI APERTURA AL PUBBLICO<br />
dal lunedì al venerdì, solo la mattina, ore 9.00 &#8211; 12.30<br />
giovedì, anche il pomeriggio, ore 14.30 &#8211; 17.00</p>
<p>tel. 010/2700.238</p>
<p>fax 010/2700.236</p>
<p><a href="mailto:scuola@diocesi.genova.it">scuola@diocesi.genova.it</a></p>

<p>Coordinatore Ufficio per l&#8217;insegnamento della Religione cattolica: Don Bruno SOPRANZI Coordinatore Ufficio per la Scuola: Prof. Massimiliano Costa Segreteria: Sig.ra Simonetta Carossino ORARIO DI APERTURA AL PUBBLICO dal lunedì al venerdì, solo la mattina, ore 9.00 &#8211; 12.30 giovedì, anche il pomeriggio, ore 14.30 &#8211; 17.00 tel. 010/2700.238 fax 010/2700.236 scuola@diocesi.genova.it</p>
