{"id":314,"date":"2019-05-14T17:58:41","date_gmt":"2019-05-14T15:58:41","guid":{"rendered":"http:\/\/scolastico.chiesadigenova.it\/?page_id=314"},"modified":"2024-07-11T11:44:14","modified_gmt":"2024-07-11T09:44:14","slug":"presentazione","status":"publish","type":"page","link":"https:\/\/www.chiesadigenova.it\/scolastico\/presentazione\/","title":{"rendered":"Presentazione"},"content":{"rendered":"<p><em>Ufficio Insegnamento Religione cattolica e Scuola<\/em><\/p>\n<p>L&#8217;Ufficio rappresenta, accanto alla Consulta Diocesana di Pastorale Scolastica, che \u00e8 momento di comunione e dialogo, lo strumento efficace di sintesi, di discernimento e decisionale, espressione autorevole della responsabilit\u00e0 dell&#8217;Arcivescovo per i problemi di rilevanza educativa e quindi pastorale di tutta la scuola pubblica, sia statale che paritaria.<\/p>\n<p>Lo stesso Ufficio, nell&#8217;Arcidiocesi di Genova, \u00e8 responsabile del settore Insegnamento della Religione Cattolica (IRC), in particolare per ci\u00f2 che riguarda l&#8217;accertamento dell&#8217;idoneit\u00e0, le proposte di nomina, i corsi di aggiornamento degli Insegnanti di Religione (IDR).<\/p>\n<p>I coordinatori dell&#8217;Ufficio sono contemporaneamente anche Presidente della Consulta per assicurare il collegamento organico e continuativo tra l&#8217;attivit\u00e0 di quell&#8217;organismo pastorale e le disposizioni e orientamenti di pastorale generale emanati dall&#8217;Arcivescovo. A loro spetta inoltre tenere il contatto con gli altri uffici e organismi pastorali della Diocesi. Ancora a loro sono affidati l&#8217;attuazione e il controllo delle attivit\u00e0 di pastorale della scuola programmate in Consulta, sollecitando la collaborazione di tutti.<\/p>\n<p>Promuovono anche in tutta l&#8217;Arcidiocesi una vera sensibilit\u00e0 ecclesiale per la scuola e per l&#8217;Insegnamento della Religione Cattolica, incoraggiando nelle parrocchie e, soprattutto, nei Vicariati l&#8217;intensificarsi di un rapporto di collaborazione tra tutte le componenti interessate alle problematiche educative e, in specie, alla formazione cristiana.<\/p>\n<p>Infine tra i suoi compiti ha rilievo il contatto con le autorit\u00e0 civili, con gli enti locali, con le amministrazioni scolastiche periferiche sui temi pi\u00f9 rilevanti e sulle emergenze della scuola per fornire sull&#8217;insieme dei problemi un punto di vista autorevole, ma soprattutto per cogliere ogni opportuno spazio di collaborazione e servizio.<\/p>\n<p>Coordinatore per l&#8217;insegnamento della Religione cattolica: don Bruno Sopranzi<\/p>\n<p>Coordinatore per la Scuola: Prof. Massimiliano Costa<\/p>\n<p>Segreteria: Simonetta Carossino<\/p>\n<p>Apertura al pubblico: dal luned\u00ec al venerd\u00ec dalle ore 9.00 alle ore 12.30 e il gioved\u00ec dalle ore 14.30 alle ore 17.00<\/p>\n<p>Telefoni: 010.27.00.238<br \/>\nFax: 010.27.00.236<br \/>\nemail: <a href=\"mailto:scuola@diocesi.genova.it\">scuola@diocesi.genova.it <\/a><br \/>\npec: <a href=\"mailto:scuola@pec.diocesi.genova.it\">scuola@pec.diocesi.genova.it<\/a><\/p>\n","protected":false},"excerpt":{"rendered":"<p>Ufficio Insegnamento Religione cattolica e Scuola L&#8217;Ufficio rappresenta, accanto alla Consulta Diocesana di Pastorale Scolastica, che \u00e8 momento di comunione e dialogo, lo strumento efficace di sintesi, di discernimento e decisionale, espressione autorevole della responsabilit\u00e0 dell&#8217;Arcivescovo per i problemi di rilevanza educativa e quindi pastorale di tutta la scuola pubblica, sia statale che paritaria. Lo [&hellip;]<\/p>\n","protected":false},"author":1,"featured_media":315,"parent":0,"menu_order":0,"comment_status":"closed","ping_status":"closed","template":"","meta":{"_acf_changed":false,"footnotes":""},"class_list":["post-314","page","type-page","status-publish","has-post-thumbnail","hentry"],"acf":{"seed-localization-paese-cod":"IT","seed-localization-address":"","seed-localization-citta":"Genova","seed-localization-regione-cod-istat":"07","seed-localization-citta-cod-istat":"010025","seed-localization-localita":"","seed-localization-cap":"","seed-localization-geo":{"lat":41.9053433,"lng":12.5099945,"zoom":10,"markers":[],"address":"","layers":["OpenStreetMap.Mapnik"],"version":"1.5.6"},"seed-localization-marker-visibility":false,"seed-localization-children-visibility":false,"seed-localization-kml":"","seed-localization-custom-marker":""},"_links":{"self":[{"href":"https:\/\/www.chiesadigenova.it\/scolastico\/wp-json\/wp\/v2\/pages\/314","targetHints":{"allow":["GET"]}}],"collection":[{"href":"https:\/\/www.chiesadigenova.it\/scolastico\/wp-json\/wp\/v2\/pages"}],"about":[{"href":"https:\/\/www.chiesadigenova.it\/scolastico\/wp-json\/wp\/v2\/types\/page"}],"author":[{"embeddable":true,"href":"https:\/\/www.chiesadigenova.it\/scolastico\/wp-json\/wp\/v2\/users\/1"}],"replies":[{"embeddable":true,"href":"https:\/\/www.chiesadigenova.it\/scolastico\/wp-json\/wp\/v2\/comments?post=314"}],"version-history":[{"count":4,"href":"https:\/\/www.chiesadigenova.it\/scolastico\/wp-json\/wp\/v2\/pages\/314\/revisions"}],"predecessor-version":[{"id":1626,"href":"https:\/\/www.chiesadigenova.it\/scolastico\/wp-json\/wp\/v2\/pages\/314\/revisions\/1626"}],"wp:featuredmedia":[{"embeddable":true,"href":"https:\/\/www.chiesadigenova.it\/scolastico\/wp-json\/wp\/v2\/media\/315"}],"wp:attachment":[{"href":"https:\/\/www.chiesadigenova.it\/scolastico\/wp-json\/wp\/v2\/media?parent=314"}],"curies":[{"name":"wp","href":"https:\/\/api.w.org\/{rel}","templated":true}]}}

<p><em>Ufficio Insegnamento Religione cattolica e Scuola</em></p>
<p>L&#8217;Ufficio rappresenta, accanto alla Consulta Diocesana di Pastorale Scolastica, che è momento di comunione e dialogo, lo strumento efficace di sintesi, di discernimento e decisionale, espressione autorevole della responsabilità dell&#8217;Arcivescovo per i problemi di rilevanza educativa e quindi pastorale di tutta la scuola pubblica, sia statale che paritaria.</p>
<p>Lo stesso Ufficio, nell&#8217;Arcidiocesi di Genova, è responsabile del settore Insegnamento della Religione Cattolica (IRC), in particolare per ciò che riguarda l&#8217;accertamento dell&#8217;idoneità, le proposte di nomina, i corsi di aggiornamento degli Insegnanti di Religione (IDR).</p>
<p>I coordinatori dell&#8217;Ufficio sono contemporaneamente anche Presidente della Consulta per assicurare il collegamento organico e continuativo tra l&#8217;attività di quell&#8217;organismo pastorale e le disposizioni e orientamenti di pastorale generale emanati dall&#8217;Arcivescovo. A loro spetta inoltre tenere il contatto con gli altri uffici e organismi pastorali della Diocesi. Ancora a loro sono affidati l&#8217;attuazione e il controllo delle attività di pastorale della scuola programmate in Consulta, sollecitando la collaborazione di tutti.</p>
<p>Promuovono anche in tutta l&#8217;Arcidiocesi una vera sensibilità ecclesiale per la scuola e per l&#8217;Insegnamento della Religione Cattolica, incoraggiando nelle parrocchie e, soprattutto, nei Vicariati l&#8217;intensificarsi di un rapporto di collaborazione tra tutte le componenti interessate alle problematiche educative e, in specie, alla formazione cristiana.</p>
<p>Infine tra i suoi compiti ha rilievo il contatto con le autorità civili, con gli enti locali, con le amministrazioni scolastiche periferiche sui temi più rilevanti e sulle emergenze della scuola per fornire sull&#8217;insieme dei problemi un punto di vista autorevole, ma soprattutto per cogliere ogni opportuno spazio di collaborazione e servizio.</p>
<p>Coordinatore per l&#8217;insegnamento della Religione cattolica: don Bruno Sopranzi</p>
<p>Coordinatore per la Scuola: Prof. Massimiliano Costa</p>
<p>Segreteria: Simonetta Carossino</p>
<p>Apertura al pubblico: dal lunedì al venerdì dalle ore 9.00 alle ore 12.30 e il giovedì dalle ore 14.30 alle ore 17.00</p>
<p>Telefoni: 010.27.00.238<br />
Fax: 010.27.00.236<br />
email: <a href="mailto:scuola@diocesi.genova.it">scuola@diocesi.genova.it </a><br />
pec: <a href="mailto:scuola@pec.diocesi.genova.it">scuola@pec.diocesi.genova.it</a></p>

<p>Ufficio Insegnamento Religione cattolica e Scuola L&#8217;Ufficio rappresenta, accanto alla Consulta Diocesana di Pastorale Scolastica, che è momento di comunione e dialogo, lo strumento efficace di sintesi, di discernimento e decisionale, espressione autorevole della responsabilità dell&#8217;Arcivescovo per i problemi di rilevanza educativa e quindi pastorale di tutta la scuola pubblica, sia statale che paritaria. Lo [&hellip;]</p>
