{"id":8,"date":"2019-05-15T13:51:05","date_gmt":"2019-05-15T11:51:05","guid":{"rendered":"http:\/\/liturgico.chiesadigenova.it\/?page_id=8"},"modified":"2024-11-20T16:21:00","modified_gmt":"2024-11-20T15:21:00","slug":"home-page","status":"publish","type":"page","link":"https:\/\/www.chiesadigenova.it\/liturgico\/","title":{"rendered":"Home Page"},"content":{"rendered":"<div id=\"pl-8\"  class=\"panel-layout\" ><div id=\"pg-8-0\"  class=\"panel-grid panel-has-style\" ><div id=\"centro_hp\" class=\"panel-row-style panel-row-style-for-8-0\" ><div id=\"pgc-8-0-0\"  class=\"panel-grid-cell\" ><div id=\"panel-8-0-0-0\" class=\"so-panel widget widget_bso-so-widget-all-in-one panel-first-child panel-last-child\" data-index=\"0\" ><div id=\"news_one\" class=\"panel-widget-style panel-widget-style-for-8-0-0-0\" ><div\n\t\t\t\n\t\t\tclass=\"so-widget-bso-so-widget-all-in-one so-widget-bso-so-widget-all-in-one-default-d75171398898-8\"\n\t\t\t\n\t\t><div>\n<div class=\"widget_title\">Ultime <b>Notizie<\/b><div class=\"arch_news\"><a href=\"\/liturgico\/category\/notizie\/\">Tutte le news <i class=\"fa-solid fa-arrow-right\"><\/i><\/a><\/div><\/div>                             <div class=\"single_news\">\n<div class=\"immagineapp\"><a href=\"https:\/\/www.chiesadigenova.it\/liturgico\/sabato-11-aprile-anche-a-genova-la-giornata-per-la-pace-il-libretto\/\"><img decoding=\"async\" src=\"https:\/\/www.chiesadigenova.it\/liturgico\/wp-content\/uploads\/sites\/13\/2026\/04\/guardia-150x150.jpg\" \/><\/a><\/div>\n<h2><a href=\"https:\/\/www.chiesadigenova.it\/liturgico\/sabato-11-aprile-anche-a-genova-la-giornata-per-la-pace-il-libretto\/\">Sabato 11 aprile anche a Genova la Giornata per la pace &#8211; IL LIBRETTO<\/a><\/h2>\n<h5><\/h5>\n<div class=\"preview_txt\">Sabato 11 aprile per la Giornata di preghiera per la pace \u00e8 stato preparato il libretto con le tracce di preghiera. Al\u00a0Santuario della Guardia alle ore 8.20 sar\u00e0 celebrata la S. Messa da Padre Marco Tasca, Arcivescovo di Genova, nell\u2019ambito del pellegrinaggio del primo sabato del mese; al termine, Padre Marco reciter\u00e0 una preghiera per la pace, cui seguir\u00e0 la&hellip; <a href=\"https:\/\/www.chiesadigenova.it\/liturgico\/sabato-11-aprile-anche-a-genova-la-giornata-per-la-pace-il-libretto\/\" class=\"read-more\">leggi \u00bb<\/a><\/div>\n<\/div>\n                                                       <div class=\"single_news\">\n<div class=\"immagineapp\"><a href=\"https:\/\/www.chiesadigenova.it\/liturgico\/ministri-della-comunione-corso-di-formazione\/\"><img decoding=\"async\" src=\"https:\/\/www.chiesadigenova.it\/liturgico\/wp-content\/uploads\/sites\/13\/2021\/09\/IMG_3210-150x150.jpg\" \/><\/a><\/div>\n<h2><a href=\"https:\/\/www.chiesadigenova.it\/liturgico\/ministri-della-comunione-corso-di-formazione\/\">Ministri della Comunione, corso di formazione<\/a><\/h2>\n<h5><\/h5>\n<div class=\"preview_txt\">L\u2019Ufficio Liturgico Diocesano comunica il calendario dei Corsi di formazione per i nuovi Ministri della Santa Comunione: sabato 11 aprile, sabato 18 aprile, sabato 2 maggio, sabato 16 maggio, sabato 30 maggio. Tutti gli incontri sono in programma dalle ore 15 alle ore 17 all\u2019Apostolato Liturgico (Via Serra 6C). L\u2019iscrizione dei nuovi ministri deve essere compiuta&hellip; <a href=\"https:\/\/www.chiesadigenova.it\/liturgico\/ministri-della-comunione-corso-di-formazione\/\" class=\"read-more\">leggi \u00bb<\/a><\/div>\n<\/div>\n                                                       <div class=\"single_news\">\n<div class=\"immagineapp\"><a href=\"https:\/\/www.chiesadigenova.it\/liturgico\/venerdi-6-marzo-la-via-crucis-cittadina-il-libretto\/\"><img decoding=\"async\" src=\"https:\/\/www.chiesadigenova.it\/liturgico\/wp-content\/uploads\/sites\/13\/2026\/03\/CRUCIS-150x150.jpg\" \/><\/a><\/div>\n<h2><a href=\"https:\/\/www.chiesadigenova.it\/liturgico\/venerdi-6-marzo-la-via-crucis-cittadina-il-libretto\/\">Venerd\u00ec 6 marzo la Via Crucis cittadina &#8211; IL LIBRETTO<\/a><\/h2>\n<h5><\/h5>\n<div class=\"preview_txt\">Venerd\u00ec 6 marzo alle ore 20.30\u00a0in Piazza della Vittoria (lato Caravelle) l\u2019Arcivescovo presiede il tradizionale rito quaresimale della Via Crucis. I testi della Via Crucis di quest\u2019anno sono tratti dall\u2019\u201dOfficio della Passione\u201d\u00a0di\u00a0San Francesco d\u2019Assisi, negli 800 anni dalla sua morte. In caso di maltempo la Via Crucis si svolge nella chiesa di Santa Zita. IN ALLEGATO IL LIBRETTO DELLA CELEBRAZIONE&hellip; <a href=\"https:\/\/www.chiesadigenova.it\/liturgico\/venerdi-6-marzo-la-via-crucis-cittadina-il-libretto\/\" class=\"read-more\">leggi \u00bb<\/a><\/div>\n<\/div>\n                           <\/div><\/div><\/div><\/div><\/div><div id=\"pgc-8-0-1\"  class=\"panel-grid-cell\" ><div id=\"panel-8-0-1-0\" class=\"so-panel widget widget_sow-editor panel-first-child\" data-index=\"1\" ><div\n\t\t\t\n\t\t\tclass=\"so-widget-sow-editor so-widget-sow-editor-base\"\n\t\t\t\n\t\t>\n<div class=\"siteorigin-widget-tinymce textwidget\">\n\t<p><img loading=\"lazy\" decoding=\"async\" class=\"alignleft wp-image-60\" src=\"http:\/\/liturgico.chiesadigenova.it\/wp-content\/uploads\/sites\/13\/2019\/05\/img040-226x300.jpg\" alt=\"\" width=\"100\" height=\"133\" srcset=\"https:\/\/www.chiesadigenova.it\/liturgico\/wp-content\/uploads\/sites\/13\/2019\/05\/img040-226x300.jpg 226w, https:\/\/www.chiesadigenova.it\/liturgico\/wp-content\/uploads\/sites\/13\/2019\/05\/img040.jpg 438w\" sizes=\"auto, (max-width: 100px) 100vw, 100px\" \/><strong>Coordinatore<\/strong><br \/>\n<a href=\"http:\/\/www.chiesadigenova.it\/wd-annuario-persone\/gianluigi-ganabano-502\/\">Mons. Gianluigi Ganabano<\/a><\/p>\n<p><strong>Orario di apertura al pubblico dell'ufficio:<\/strong><br \/>\nmercoled\u00ec - gioved\u00ec - venerd\u00ec<br \/>\nore 9,15 - 12,00<\/p>\n<p>&nbsp;<\/p>\n<p>mail: liturgico@diocesi.genova.it<\/p>\n<\/div>\n<\/div><\/div><div id=\"panel-8-0-1-1\" class=\"so-panel widget widget_sow-image\" data-index=\"2\" ><div\n\t\t\t\n\t\t\tclass=\"so-widget-sow-image so-widget-sow-image-default-8b5b6f678277-890\"\n\t\t\t\n\t\t>\n\n<div class=\"sow-image-container\">\n\t\t\t<a href=\"https:\/\/liturgico.chiesacattolica.it\/\"\n\t\t\ttarget=\"_blank\" rel=\"noopener noreferrer\" \t\t>\n\t\t\t<img loading=\"lazy\" decoding=\"async\" src=\"https:\/\/www.chiesadigenova.it\/liturgico\/wp-content\/uploads\/sites\/13\/2022\/02\/liturgico-cei.png\" width=\"4724\" height=\"984\" srcset=\"https:\/\/www.chiesadigenova.it\/liturgico\/wp-content\/uploads\/sites\/13\/2022\/02\/liturgico-cei.png 4724w, https:\/\/www.chiesadigenova.it\/liturgico\/wp-content\/uploads\/sites\/13\/2022\/02\/liturgico-cei-300x62.png 300w, https:\/\/www.chiesadigenova.it\/liturgico\/wp-content\/uploads\/sites\/13\/2022\/02\/liturgico-cei-1024x213.png 1024w, https:\/\/www.chiesadigenova.it\/liturgico\/wp-content\/uploads\/sites\/13\/2022\/02\/liturgico-cei-768x160.png 768w, https:\/\/www.chiesadigenova.it\/liturgico\/wp-content\/uploads\/sites\/13\/2022\/02\/liturgico-cei-1536x320.png 1536w, https:\/\/www.chiesadigenova.it\/liturgico\/wp-content\/uploads\/sites\/13\/2022\/02\/liturgico-cei-2048x427.png 2048w, https:\/\/www.chiesadigenova.it\/liturgico\/wp-content\/uploads\/sites\/13\/2022\/02\/liturgico-cei-800x167.png 800w, https:\/\/www.chiesadigenova.it\/liturgico\/wp-content\/uploads\/sites\/13\/2022\/02\/liturgico-cei-1200x250.png 1200w\" sizes=\"auto, (max-width: 4724px) 100vw, 4724px\" title=\"liturgico chiesacattolica\" alt=\"liturgico chiesacattolica\" \t\tclass=\"so-widget-image\"\/>\n\t<\/a><\/div>\n\n<\/div><\/div><div id=\"panel-8-0-1-2\" class=\"so-panel widget widget_sow-image panel-last-child\" data-index=\"3\" ><div\n\t\t\t\n\t\t\tclass=\"so-widget-sow-image so-widget-sow-image-default-dbf295114b96-890\"\n\t\t\t\n\t\t>\n\n<div class=\"sow-image-container\">\n\t\t\t<a href=\"https:\/\/www.chiesadigenova.it\/\"\n\t\t\ttarget=\"_blank\" rel=\"noopener noreferrer\" \t\t>\n\t\t\t<img loading=\"lazy\" decoding=\"async\" src=\"https:\/\/www.chiesadigenova.it\/liturgico\/wp-content\/uploads\/sites\/13\/2024\/09\/chiesadiGenova.png\" width=\"342\" height=\"87\" srcset=\"https:\/\/www.chiesadigenova.it\/liturgico\/wp-content\/uploads\/sites\/13\/2024\/09\/chiesadiGenova.png 342w, https:\/\/www.chiesadigenova.it\/liturgico\/wp-content\/uploads\/sites\/13\/2024\/09\/chiesadiGenova-300x76.png 300w\" sizes=\"auto, (max-width: 342px) 100vw, 342px\" title=\"chiesadigenova.it\" alt=\"chiesadigenova.it\" \t\tclass=\"so-widget-image\"\/>\n\t<\/a><\/div>\n\n<\/div><\/div><\/div><\/div><\/div><\/div>","protected":false},"excerpt":{"rendered":"<p>Coordinatore Mons. Gianluigi Ganabano Orario di apertura al pubblico dell&#8217;ufficio: mercoled\u00ec &#8211; gioved\u00ec &#8211; venerd\u00ec ore 9,15 &#8211; 12,00 &nbsp; mail: liturgico@diocesi.genova.it<\/p>\n","protected":false},"author":1,"featured_media":0,"parent":0,"menu_order":0,"comment_status":"closed","ping_status":"closed","template":"","meta":{"_acf_changed":false,"footnotes":""},"class_list":["post-8","page","type-page","status-publish","hentry"],"acf":{"seed-localization-paese-cod":"IT","seed-localization-address":"","seed-localization-citta":"Genova","seed-localization-regione-cod-istat":"07","seed-localization-citta-cod-istat":"010025","seed-localization-localita":"","seed-localization-cap":"","seed-localization-geo":{"lat":41.9053433,"lng":12.5120544,"zoom":10,"layers":["OpenStreetMap.Mapnik"],"markers":[],"address":"","version":"1.5.6"},"seed-localization-marker-visibility":false,"seed-localization-children-visibility":false,"seed-localization-kml":"","seed-localization-custom-marker":""},"_links":{"self":[{"href":"https:\/\/www.chiesadigenova.it\/liturgico\/wp-json\/wp\/v2\/pages\/8","targetHints":{"allow":["GET"]}}],"collection":[{"href":"https:\/\/www.chiesadigenova.it\/liturgico\/wp-json\/wp\/v2\/pages"}],"about":[{"href":"https:\/\/www.chiesadigenova.it\/liturgico\/wp-json\/wp\/v2\/types\/page"}],"author":[{"embeddable":true,"href":"https:\/\/www.chiesadigenova.it\/liturgico\/wp-json\/wp\/v2\/users\/1"}],"replies":[{"embeddable":true,"href":"https:\/\/www.chiesadigenova.it\/liturgico\/wp-json\/wp\/v2\/comments?post=8"}],"version-history":[{"count":35,"href":"https:\/\/www.chiesadigenova.it\/liturgico\/wp-json\/wp\/v2\/pages\/8\/revisions"}],"predecessor-version":[{"id":585,"href":"https:\/\/www.chiesadigenova.it\/liturgico\/wp-json\/wp\/v2\/pages\/8\/revisions\/585"}],"wp:attachment":[{"href":"https:\/\/www.chiesadigenova.it\/liturgico\/wp-json\/wp\/v2\/media?parent=8"}],"curies":[{"name":"wp","href":"https:\/\/api.w.org\/{rel}","templated":true}]}}

<div id="pl-8"  class="panel-layout" ><div id="pg-8-0"  class="panel-grid panel-has-style" ><div id="centro_hp" class="panel-row-style panel-row-style-for-8-0" ><div id="pgc-8-0-0"  class="panel-grid-cell" ><div id="panel-8-0-0-0" class="so-panel widget widget_bso-so-widget-all-in-one panel-first-child panel-last-child" data-index="0" ><div id="news_one" class="panel-widget-style panel-widget-style-for-8-0-0-0" ><div
			
			class="so-widget-bso-so-widget-all-in-one so-widget-bso-so-widget-all-in-one-default-d75171398898-8"
			
		><div>
<div class="widget_title">Ultime <b>Notizie</b><div class="arch_news"><a href="/liturgico/category/notizie/">Tutte le news <i class="fa-solid fa-arrow-right"></i></a></div></div>                             <div class="single_news">
<div class="immagineapp"><a href="https://www.chiesadigenova.it/liturgico/sabato-11-aprile-anche-a-genova-la-giornata-per-la-pace-il-libretto/"><img decoding="async" src="https://www.chiesadigenova.it/liturgico/wp-content/uploads/sites/13/2026/04/guardia-150x150.jpg" /></a></div>
<h2><a href="https://www.chiesadigenova.it/liturgico/sabato-11-aprile-anche-a-genova-la-giornata-per-la-pace-il-libretto/">Sabato 11 aprile anche a Genova la Giornata per la pace &#8211; IL LIBRETTO</a></h2>
<h5></h5>
<div class="preview_txt">Sabato 11 aprile per la Giornata di preghiera per la pace è stato preparato il libretto con le tracce di preghiera. Al Santuario della Guardia alle ore 8.20 sarà celebrata la S. Messa da Padre Marco Tasca, Arcivescovo di Genova, nell’ambito del pellegrinaggio del primo sabato del mese; al termine, Padre Marco reciterà una preghiera per la pace, cui seguirà la&hellip; <a href="https://www.chiesadigenova.it/liturgico/sabato-11-aprile-anche-a-genova-la-giornata-per-la-pace-il-libretto/" class="read-more">leggi »</a></div>
</div>
                                                       <div class="single_news">
<div class="immagineapp"><a href="https://www.chiesadigenova.it/liturgico/ministri-della-comunione-corso-di-formazione/"><img decoding="async" src="https://www.chiesadigenova.it/liturgico/wp-content/uploads/sites/13/2021/09/IMG_3210-150x150.jpg" /></a></div>
<h2><a href="https://www.chiesadigenova.it/liturgico/ministri-della-comunione-corso-di-formazione/">Ministri della Comunione, corso di formazione</a></h2>
<h5></h5>
<div class="preview_txt">L’Ufficio Liturgico Diocesano comunica il calendario dei Corsi di formazione per i nuovi Ministri della Santa Comunione: sabato 11 aprile, sabato 18 aprile, sabato 2 maggio, sabato 16 maggio, sabato 30 maggio. Tutti gli incontri sono in programma dalle ore 15 alle ore 17 all’Apostolato Liturgico (Via Serra 6C). L’iscrizione dei nuovi ministri deve essere compiuta&hellip; <a href="https://www.chiesadigenova.it/liturgico/ministri-della-comunione-corso-di-formazione/" class="read-more">leggi »</a></div>
</div>
                                                       <div class="single_news">
<div class="immagineapp"><a href="https://www.chiesadigenova.it/liturgico/venerdi-6-marzo-la-via-crucis-cittadina-il-libretto/"><img decoding="async" src="https://www.chiesadigenova.it/liturgico/wp-content/uploads/sites/13/2026/03/CRUCIS-150x150.jpg" /></a></div>
<h2><a href="https://www.chiesadigenova.it/liturgico/venerdi-6-marzo-la-via-crucis-cittadina-il-libretto/">Venerdì 6 marzo la Via Crucis cittadina &#8211; IL LIBRETTO</a></h2>
<h5></h5>
<div class="preview_txt">Venerdì 6 marzo alle ore 20.30 in Piazza della Vittoria (lato Caravelle) l’Arcivescovo presiede il tradizionale rito quaresimale della Via Crucis. I testi della Via Crucis di quest’anno sono tratti dall’”Officio della Passione” di San Francesco d’Assisi, negli 800 anni dalla sua morte. In caso di maltempo la Via Crucis si svolge nella chiesa di Santa Zita. IN ALLEGATO IL LIBRETTO DELLA CELEBRAZIONE&hellip; <a href="https://www.chiesadigenova.it/liturgico/venerdi-6-marzo-la-via-crucis-cittadina-il-libretto/" class="read-more">leggi »</a></div>
</div>
                           </div></div></div></div></div><div id="pgc-8-0-1"  class="panel-grid-cell" ><div id="panel-8-0-1-0" class="so-panel widget widget_sow-editor panel-first-child" data-index="1" ><div
			
			class="so-widget-sow-editor so-widget-sow-editor-base"
			
		>
<div class="siteorigin-widget-tinymce textwidget">
	<p><img loading="lazy" decoding="async" class="alignleft wp-image-60" src="http://liturgico.chiesadigenova.it/wp-content/uploads/sites/13/2019/05/img040-226x300.jpg" alt="" width="100" height="133" srcset="https://www.chiesadigenova.it/liturgico/wp-content/uploads/sites/13/2019/05/img040-226x300.jpg 226w, https://www.chiesadigenova.it/liturgico/wp-content/uploads/sites/13/2019/05/img040.jpg 438w" sizes="auto, (max-width: 100px) 100vw, 100px" /><strong>Coordinatore</strong><br />
<a href="http://www.chiesadigenova.it/wd-annuario-persone/gianluigi-ganabano-502/">Mons. Gianluigi Ganabano</a></p>
<p><strong>Orario di apertura al pubblico dell'ufficio:</strong><br />
mercoledì - giovedì - venerdì<br />
ore 9,15 - 12,00</p>
<p>&nbsp;</p>
<p>mail: liturgico@diocesi.genova.it</p>
</div>
</div></div><div id="panel-8-0-1-1" class="so-panel widget widget_sow-image" data-index="2" ><div
			
			class="so-widget-sow-image so-widget-sow-image-default-8b5b6f678277-890"
			
		>

<div class="sow-image-container">
			<a href="https://liturgico.chiesacattolica.it/"
			target="_blank" rel="noopener noreferrer" 		>
			<img loading="lazy" decoding="async" src="https://www.chiesadigenova.it/liturgico/wp-content/uploads/sites/13/2022/02/liturgico-cei.png" width="4724" height="984" srcset="https://www.chiesadigenova.it/liturgico/wp-content/uploads/sites/13/2022/02/liturgico-cei.png 4724w, https://www.chiesadigenova.it/liturgico/wp-content/uploads/sites/13/2022/02/liturgico-cei-300x62.png 300w, https://www.chiesadigenova.it/liturgico/wp-content/uploads/sites/13/2022/02/liturgico-cei-1024x213.png 1024w, https://www.chiesadigenova.it/liturgico/wp-content/uploads/sites/13/2022/02/liturgico-cei-768x160.png 768w, https://www.chiesadigenova.it/liturgico/wp-content/uploads/sites/13/2022/02/liturgico-cei-1536x320.png 1536w, https://www.chiesadigenova.it/liturgico/wp-content/uploads/sites/13/2022/02/liturgico-cei-2048x427.png 2048w, https://www.chiesadigenova.it/liturgico/wp-content/uploads/sites/13/2022/02/liturgico-cei-800x167.png 800w, https://www.chiesadigenova.it/liturgico/wp-content/uploads/sites/13/2022/02/liturgico-cei-1200x250.png 1200w" sizes="auto, (max-width: 4724px) 100vw, 4724px" title="liturgico chiesacattolica" alt="liturgico chiesacattolica" 		class="so-widget-image"/>
	</a></div>

</div></div><div id="panel-8-0-1-2" class="so-panel widget widget_sow-image panel-last-child" data-index="3" ><div
			
			class="so-widget-sow-image so-widget-sow-image-default-dbf295114b96-890"
			
		>

<div class="sow-image-container">
			<a href="https://www.chiesadigenova.it/"
			target="_blank" rel="noopener noreferrer" 		>
			<img loading="lazy" decoding="async" src="https://www.chiesadigenova.it/liturgico/wp-content/uploads/sites/13/2024/09/chiesadiGenova.png" width="342" height="87" srcset="https://www.chiesadigenova.it/liturgico/wp-content/uploads/sites/13/2024/09/chiesadiGenova.png 342w, https://www.chiesadigenova.it/liturgico/wp-content/uploads/sites/13/2024/09/chiesadiGenova-300x76.png 300w" sizes="auto, (max-width: 342px) 100vw, 342px" title="chiesadigenova.it" alt="chiesadigenova.it" 		class="so-widget-image"/>
	</a></div>

</div></div></div></div></div></div>

<p>Coordinatore Mons. Gianluigi Ganabano Orario di apertura al pubblico dell&#8217;ufficio: mercoledì &#8211; giovedì &#8211; venerdì ore 9,15 &#8211; 12,00 &nbsp; mail: liturgico@diocesi.genova.it</p>
