{"id":98,"date":"2025-09-26T10:51:37","date_gmt":"2025-09-26T08:51:37","guid":{"rendered":"https:\/\/www.chiesadigenova.it\/formazione\/?page_id=98"},"modified":"2025-12-22T17:41:06","modified_gmt":"2025-12-22T16:41:06","slug":"relatrici-e-relatori","status":"publish","type":"page","link":"https:\/\/www.chiesadigenova.it\/formazione\/relatrici-e-relatori\/","title":{"rendered":"Relatrici e relatori"},"content":{"rendered":"<div id=\"pl-98\"  class=\"panel-layout\" ><div id=\"pg-98-0\"  class=\"panel-grid panel-no-style\" ><div id=\"pgc-98-0-0\"  class=\"panel-grid-cell\" ><div id=\"panel-98-0-0-0\" class=\"so-panel widget widget_media_image panel-first-child\" data-index=\"0\" ><img loading=\"lazy\" decoding=\"async\" width=\"1024\" height=\"541\" src=\"https:\/\/www.chiesadigenova.it\/formazione\/wp-content\/uploads\/sites\/33\/2025\/09\/Formazione-Diocesana_Banner_Ospiti-1024x541.jpg\" class=\"image wp-image-99  attachment-large size-large\" alt=\"\" style=\"max-width: 100%; height: auto;\" srcset=\"https:\/\/www.chiesadigenova.it\/formazione\/wp-content\/uploads\/sites\/33\/2025\/09\/Formazione-Diocesana_Banner_Ospiti-1024x541.jpg 1024w, https:\/\/www.chiesadigenova.it\/formazione\/wp-content\/uploads\/sites\/33\/2025\/09\/Formazione-Diocesana_Banner_Ospiti-300x158.jpg 300w, https:\/\/www.chiesadigenova.it\/formazione\/wp-content\/uploads\/sites\/33\/2025\/09\/Formazione-Diocesana_Banner_Ospiti-768x406.jpg 768w, https:\/\/www.chiesadigenova.it\/formazione\/wp-content\/uploads\/sites\/33\/2025\/09\/Formazione-Diocesana_Banner_Ospiti.jpg 1253w\" sizes=\"auto, (max-width: 1024px) 100vw, 1024px\" \/><\/div><div id=\"panel-98-0-0-1\" class=\"so-panel widget widget_sow-editor panel-last-child\" data-index=\"1\" ><div\n\t\t\t\n\t\t\tclass=\"so-widget-sow-editor so-widget-sow-editor-base\"\n\t\t\t\n\t\t>\n<div class=\"siteorigin-widget-tinymce textwidget\">\n\t<p><b>Mons. Erio Castellucci<br \/>\n<\/b><span style=\"font-weight: 400;\">Arcivescovo Abate di Modena \u2013 Nonantola, Vescovo di Carpi, \u00e8 Vice Presidente della Cei <\/span><span style=\"font-weight: 400;\">e Presidente del Comitato nazionale del Cammino sinodale.<br \/>\n<\/span><span style=\"font-weight: 400;\">Leggi di pi\u00f9 su <\/span><a href=\"https:\/\/www.chiesamodenanonantola.it\/arcivescovo\/\"><span style=\"font-weight: 400;\">chiesamodenanonantola.it\/arcivescovo\/<\/span><\/a><\/p>\n<p><a href=\"https:\/\/www.chiesadigenova.it\/formazione\/mons-erio-castellucci-al-primo-incontro-la-pace-di-gesu-nella-logica-della-pasqua-il-video-le-foto-il-testo_2\/\" target=\"_blank\" rel=\"noopener\"><span style=\"text-decoration: underline;\"><strong>TUTTI I MATERIALI DEL PRIMO INCONTRO<\/strong><\/span><\/a><\/p>\n<hr \/>\n<p><b>Padre Gaetano Piccolo SJ<br \/>\n<\/b><span style=\"font-weight: 400;\">Gesuita, insegna presso la Facolt\u00e0 di Filosofia della Pontificia Universit\u00e0 Gregoriana. Dal 2012 al 2017 \u00e8 stato responsabile del settore cultura della Provincia d\u2019Italia dei Gesuiti.<br \/>\n<\/span><span style=\"font-weight: 400;\">Leggi di pi\u00f9 su <\/span><a href=\"https:\/\/gesuiti.it\/storie-di-vocazione\/gaetano-piccolo\/\"><span style=\"font-weight: 400;\">gesuiti.it<\/span><\/a><span style=\"font-weight: 400;\">, su <\/span><a href=\"https:\/\/cajetanusparvus.com\/\"><span style=\"font-weight: 400;\">cajetanusparvus.com<\/span><\/a><span style=\"font-weight: 400;\"> e guarda il <\/span><a href=\"https:\/\/www.youtube.com\/channel\/UCYvdvQpUUx-LO22YvvmQFyQ?view_as=subscriber\"><span style=\"font-weight: 400;\">canale YouTube di padre Gaetano<\/span><\/a><\/p>\n<p><a href=\"https:\/\/www.chiesadigenova.it\/formazione\/padre-gaetano-piccolo-al-secondo-incontro-la-consapevolezza-di-sentirsi-figli-il-video-le-foto-il-testo\/\" target=\"_blank\" rel=\"noopener\"><span style=\"text-decoration: underline;\"><strong>TUTTI I MATERIALI DEL SECONDO INCONTRO<\/strong><\/span><\/a><\/p>\n<hr \/>\n<p><b>Sr. Roberta Vinerba<br \/>\n<\/b><span style=\"font-weight: 400;\">Teologa francescana, docente dell\u2019Istituto Superiore di Scienze Religiose di Assisi, collegato alla Pontificia Universit\u00e0 Gregoriana.<br \/>\n<\/span><span style=\"font-weight: 400;\">Leggi di pi\u00f9 <\/span><a href=\"https:\/\/www.facebook.com\/p\/Suor-Roberta-Vinerba-100044439549149\/?locale=it_IT\"><span style=\"font-weight: 400;\">sulla pagina Facebook di suor Roberta<\/span><\/a><\/p>\n<hr \/>\n<p><b>Fr. Roberto Pasolini OFM Cap<br \/>\n<\/b><span style=\"font-weight: 400;\">Frate minore cappuccino della Provincia di Lombardia e presbitero. Biblista e docente di Sacra Scrittura, \u00e8 stato nominato da papa Francesco predicatore della Casa Pontificia.<br \/>\n<\/span><span style=\"font-weight: 400;\">Leggi di pi\u00f9 su <\/span><a href=\"https:\/\/www.vaticannews.va\/it\/meditazioni-della-casa-pontificia\/predicatori\/biografia-di-padre-roberto-pasolini.html\"><span style=\"font-weight: 400;\">vaticannews.va<\/span><\/a><\/p>\n<hr \/>\n<p><b>Lucia Capuzzi<\/b><br \/>\n<span style=\"font-weight: 400;\">Giornalista, \u00e8 inviata della Redazione Esteri di Avvenire e saggista. Per la sua attenzione agli scenari pi\u00f9 poveri e in guerra del mondo \u00e8 stata insignita di numerosi premi.<br \/>\n<\/span><span style=\"font-weight: 400;\">Leggi di pi\u00f9 su <\/span><a href=\"https:\/\/www.festivaldelgiornalismo.com\/speaker\/lucia-capuzzi#:~:text=Lucia%20Capuzzi%20%C3%A8%20inviata%20della,in%20Argentina%20nel%20secondo%20dopoguerra.\"><span style=\"font-weight: 400;\">festivaldelgiornalismo.com<\/span><\/a><\/p>\n<p><b>Fabio Carminati<br \/>\n<\/b><span style=\"font-weight: 400;\">Giornalista, \u00e8 responsabile della Redazione Esteri di Avvenire. Tra i temi a cui ha dedicato il suo impegno umano e professionale figurano le crisi africane e il terrorismo internazionale, dall\u2019attentato alle Torri Gemelle di New York ad oggi.<br \/>\n<\/span><span style=\"font-weight: 400;\">Leggi di pi\u00f9 su <\/span><a href=\"https:\/\/www.festivaldellamissione.it\/ospiti\/festival-2025\/item\/carminati-fabio-2\"><span style=\"font-weight: 400;\">festivaldellamissione.it<\/span><\/a><\/p>\n<p><br style=\"font-weight: 400;\" \/><br style=\"font-weight: 400;\" \/><\/p>\n<\/div>\n<\/div><\/div><\/div><\/div><div id=\"pg-98-1\"  class=\"panel-grid panel-no-style\" ><div id=\"pgc-98-1-0\"  class=\"panel-grid-cell panel-grid-cell-empty\" ><\/div><\/div><\/div>","protected":false},"excerpt":{"rendered":"<p>Mons. Erio Castellucci Arcivescovo Abate di Modena \u2013 Nonantola, Vescovo di Carpi, \u00e8 Vice Presidente della Cei e Presidente del Comitato nazionale del Cammino sinodale. Leggi di pi\u00f9 su chiesamodenanonantola.it\/arcivescovo\/ TUTTI I MATERIALI DEL PRIMO INCONTRO Padre Gaetano Piccolo SJ Gesuita, insegna presso la Facolt\u00e0 di Filosofia della Pontificia Universit\u00e0 Gregoriana. Dal 2012 al 2017 [&hellip;]<\/p>\n","protected":false},"author":28,"featured_media":0,"parent":0,"menu_order":0,"comment_status":"closed","ping_status":"closed","template":"","meta":{"_acf_changed":false,"footnotes":""},"class_list":["post-98","page","type-page","status-publish","hentry"],"acf":[],"_links":{"self":[{"href":"https:\/\/www.chiesadigenova.it\/formazione\/wp-json\/wp\/v2\/pages\/98","targetHints":{"allow":["GET"]}}],"collection":[{"href":"https:\/\/www.chiesadigenova.it\/formazione\/wp-json\/wp\/v2\/pages"}],"about":[{"href":"https:\/\/www.chiesadigenova.it\/formazione\/wp-json\/wp\/v2\/types\/page"}],"author":[{"embeddable":true,"href":"https:\/\/www.chiesadigenova.it\/formazione\/wp-json\/wp\/v2\/users\/28"}],"replies":[{"embeddable":true,"href":"https:\/\/www.chiesadigenova.it\/formazione\/wp-json\/wp\/v2\/comments?post=98"}],"version-history":[{"count":7,"href":"https:\/\/www.chiesadigenova.it\/formazione\/wp-json\/wp\/v2\/pages\/98\/revisions"}],"predecessor-version":[{"id":431,"href":"https:\/\/www.chiesadigenova.it\/formazione\/wp-json\/wp\/v2\/pages\/98\/revisions\/431"}],"wp:attachment":[{"href":"https:\/\/www.chiesadigenova.it\/formazione\/wp-json\/wp\/v2\/media?parent=98"}],"curies":[{"name":"wp","href":"https:\/\/api.w.org\/{rel}","templated":true}]}}