{"id":8,"date":"2019-05-15T13:51:05","date_gmt":"2019-05-15T11:51:05","guid":{"rendered":"http:\/\/liturgico.chiesadigenova.it\/?page_id=8"},"modified":"2025-12-18T15:18:29","modified_gmt":"2025-12-18T14:18:29","slug":"home-page","status":"publish","type":"page","link":"https:\/\/www.chiesadigenova.it\/ecumenismo\/","title":{"rendered":"Home Page"},"content":{"rendered":"<div id=\"pl-8\"  class=\"panel-layout\" ><div id=\"pg-8-0\"  class=\"panel-grid panel-has-style\" ><div id=\"centro_hp\" class=\"panel-row-style panel-row-style-for-8-0\" ><div id=\"pgc-8-0-0\"  class=\"panel-grid-cell\" ><div id=\"panel-8-0-0-0\" class=\"so-panel widget widget_bso-so-widget-all-in-one panel-first-child panel-last-child\" data-index=\"0\" ><div id=\"news_one\" class=\"panel-widget-style panel-widget-style-for-8-0-0-0\" ><div\n\t\t\t\n\t\t\tclass=\"so-widget-bso-so-widget-all-in-one so-widget-bso-so-widget-all-in-one-default-d75171398898-8\"\n\t\t\t\n\t\t><div>\n<div class=\"widget_title\">Ultime <b>Notizie<\/b><div class=\"arch_news\"><a href=\"\/ecumenismo\/category\/notizie\/\">Tutte le news <i class=\"fa-solid fa-arrow-right\"><\/i><\/a><\/div><\/div>                             <div class=\"single_news\">\n<div class=\"immagineapp\"><a href=\"https:\/\/www.chiesadigenova.it\/ecumenismo\/giovedi-16-aprile-a-sestri-ponente-la-camminata-ecumenica\/\"><img decoding=\"async\" src=\"https:\/\/www.chiesadigenova.it\/ecumenismo\/wp-content\/uploads\/sites\/30\/2025\/01\/P1056409-150x150.jpg\" \/><\/a><\/div>\n<h2><a href=\"https:\/\/www.chiesadigenova.it\/ecumenismo\/giovedi-16-aprile-a-sestri-ponente-la-camminata-ecumenica\/\">Gioved\u00ec 16 aprile a Sestri Ponente la &#8220;Camminata ecumenica&#8221;<\/a><\/h2>\n<h5><\/h5>\n<div class=\"preview_txt\">Unire i passi per unire i cuori. Con questo spirito le Chiese Cristiane di Genova organizzano la nuova edizione della &#8220;Camminata Ecumenica&#8221;, che quest&#8217;anno far\u00e0 tappa nel cuore di Sestri Ponente. L&#8217;evento, previsto per la serata di gioved\u00ec 16 aprile, rappresenta un momento di riflessione condivisa e di apertura al dialogo&hellip; <a href=\"https:\/\/www.chiesadigenova.it\/ecumenismo\/giovedi-16-aprile-a-sestri-ponente-la-camminata-ecumenica\/\" class=\"read-more\">leggi \u00bb<\/a><\/div>\n<\/div>\n                                                       <div class=\"single_news\">\n<div class=\"immagineapp\"><a href=\"https:\/\/www.chiesadigenova.it\/ecumenismo\/messaggio-del-dicastero-per-il-dialogo-interreligioso-per-il-ramadan\/\"><img decoding=\"async\" src=\"https:\/\/www.chiesadigenova.it\/ecumenismo\/wp-content\/uploads\/sites\/30\/2024\/04\/lettera-150x150.png\" \/><\/a><\/div>\n<h2><a href=\"https:\/\/www.chiesadigenova.it\/ecumenismo\/messaggio-del-dicastero-per-il-dialogo-interreligioso-per-il-ramadan\/\">Messaggio del Dicastero per il Dialogo Interreligioso per il Ramadan<\/a><\/h2>\n<h5><\/h5>\n<div class=\"preview_txt\">Il Dicastero per il Dialogo Interreligioso ha diffuso un messaggio ufficiale rivolto ai fedeli musulmani in occasione del mese sacro di Ramadan e della festa di \u2018Id al-Fitr, che ne segna la conclusione. Il documento, trasmesso alle istituzioni e agli organismi interessati, invita a favorirne la pi\u00f9 ampia diffusione possibile, con l\u2019obiettivo di promuovere il dialogo, la comprensione&hellip; <a href=\"https:\/\/www.chiesadigenova.it\/ecumenismo\/messaggio-del-dicastero-per-il-dialogo-interreligioso-per-il-ramadan\/\" class=\"read-more\">leggi \u00bb<\/a><\/div>\n<\/div>\n                                                       <div class=\"single_news\">\n<div class=\"immagineapp\"><a href=\"https:\/\/www.chiesadigenova.it\/ecumenismo\/svolta-in-cattedrale-la-veglia-ecumenica-in-cristo-messaggeri-di-pace\/\"><img decoding=\"async\" src=\"https:\/\/www.chiesadigenova.it\/ecumenismo\/wp-content\/uploads\/sites\/30\/2026\/01\/veglia_ecumenica-150x150.jpeg\" \/><\/a><\/div>\n<h2><a href=\"https:\/\/www.chiesadigenova.it\/ecumenismo\/svolta-in-cattedrale-la-veglia-ecumenica-in-cristo-messaggeri-di-pace\/\">Svolta in Cattedrale la Veglia ecumenica: in Cristo messaggeri di pace<\/a><\/h2>\n<h5><\/h5>\n<div class=\"preview_txt\">Venerd\u00ec 23 gennaio si \u00e8 svolta in Cattedrale la veglia ecumenica di preghiera per l\u2019unit\u00e0 dei cristiani nell\u2019ambito delle iniziative per la Settimana di preghiera per l\u2019unit\u00e0 dei cristiani nella nostra citt\u00e0. \u201cUno solo \u00e8 il corpo, uno solo \u00e8 lo Spirito come una sola \u00e8 la speranza alla quale Dio vi ha chiamati\u201d questo il tema e il filo&hellip; <a href=\"https:\/\/www.chiesadigenova.it\/ecumenismo\/svolta-in-cattedrale-la-veglia-ecumenica-in-cristo-messaggeri-di-pace\/\" class=\"read-more\">leggi \u00bb<\/a><\/div>\n<\/div>\n                           <\/div><\/div><\/div><\/div><\/div><div id=\"pgc-8-0-1\"  class=\"panel-grid-cell\" ><div id=\"panel-8-0-1-0\" class=\"so-panel widget widget_sow-editor panel-first-child\" data-index=\"1\" ><div\n\t\t\t\n\t\t\tclass=\"so-widget-sow-editor so-widget-sow-editor-base\"\n\t\t\t\n\t\t>\n<div class=\"siteorigin-widget-tinymce textwidget\">\n\t<p><img loading=\"lazy\" decoding=\"async\" class=\" wp-image-492 alignleft\" src=\"https:\/\/www.chiesadigenova.it\/ecumenismo\/wp-content\/uploads\/sites\/30\/2023\/12\/BERNAGOZZI-225x300.jpg\" alt=\"\" width=\"89\" height=\"119\" srcset=\"https:\/\/www.chiesadigenova.it\/ecumenismo\/wp-content\/uploads\/sites\/30\/2023\/12\/BERNAGOZZI-225x300.jpg 225w, https:\/\/www.chiesadigenova.it\/ecumenismo\/wp-content\/uploads\/sites\/30\/2023\/12\/BERNAGOZZI.jpg 354w\" sizes=\"auto, (max-width: 89px) 100vw, 89px\" \/><strong>Coordinatore<\/strong><\/p>\n<p><a href=\"https:\/\/www.chiesadigenova.it\/wd-annuario-persone\/gabriele-bernagozzi-945\/\">Don Gabriele Bernagozzi<\/a><\/p>\n<p>mail: ufficioecumenico@diocesi.genova.it<\/p>\n<\/div>\n<\/div><\/div><div id=\"panel-8-0-1-1\" class=\"so-panel widget widget_sow-image\" data-index=\"2\" ><div\n\t\t\t\n\t\t\tclass=\"so-widget-sow-image so-widget-sow-image-default-dbf295114b96-856\"\n\t\t\t\n\t\t>\n\n<div class=\"sow-image-container\">\n\t\t\t<a href=\"https:\/\/unedi.chiesacattolica.it\/\"\n\t\t\t\t\t>\n\t\t\t<img loading=\"lazy\" decoding=\"async\" src=\"https:\/\/www.chiesadigenova.it\/ecumenismo\/wp-content\/uploads\/sites\/30\/2023\/12\/logo_unedi_nazionale.jpg\" width=\"370\" height=\"121\" srcset=\"https:\/\/www.chiesadigenova.it\/ecumenismo\/wp-content\/uploads\/sites\/30\/2023\/12\/logo_unedi_nazionale.jpg 370w, https:\/\/www.chiesadigenova.it\/ecumenismo\/wp-content\/uploads\/sites\/30\/2023\/12\/logo_unedi_nazionale-300x98.jpg 300w\" sizes=\"auto, (max-width: 370px) 100vw, 370px\" title=\"Ufficio Nazionale Ecumenismo e Dialogo Interreligioso\" alt=\"\" \t\tclass=\"so-widget-image\"\/>\n\t<\/a><\/div>\n\n<\/div><\/div><div id=\"panel-8-0-1-2\" class=\"so-panel widget widget_sow-image panel-last-child\" data-index=\"3\" ><div\n\t\t\t\n\t\t\tclass=\"so-widget-sow-image so-widget-sow-image-default-dbf295114b96-856\"\n\t\t\t\n\t\t>\n\n<div class=\"sow-image-container\">\n\t\t\t<a href=\"https:\/\/www.chiesadigenova.it\/\"\n\t\t\ttarget=\"_blank\" rel=\"noopener noreferrer\" \t\t>\n\t\t\t<img loading=\"lazy\" decoding=\"async\" src=\"https:\/\/www.chiesadigenova.it\/ecumenismo\/wp-content\/uploads\/sites\/30\/2024\/09\/chiesadiGenova.png\" width=\"342\" height=\"87\" srcset=\"https:\/\/www.chiesadigenova.it\/ecumenismo\/wp-content\/uploads\/sites\/30\/2024\/09\/chiesadiGenova.png 342w, https:\/\/www.chiesadigenova.it\/ecumenismo\/wp-content\/uploads\/sites\/30\/2024\/09\/chiesadiGenova-300x76.png 300w\" sizes=\"auto, (max-width: 342px) 100vw, 342px\" title=\"chiesadigenova.it\" alt=\"chiesadigenova.it\" \t\tclass=\"so-widget-image\"\/>\n\t<\/a><\/div>\n\n<\/div><\/div><\/div><\/div><\/div><\/div>","protected":false},"excerpt":{"rendered":"<p>Coordinatore Don Gabriele Bernagozzi mail: ufficioecumenico@diocesi.genova.it<\/p>\n","protected":false},"author":1,"featured_media":0,"parent":0,"menu_order":0,"comment_status":"closed","ping_status":"closed","template":"","meta":{"_acf_changed":false,"footnotes":""},"class_list":["post-8","page","type-page","status-publish","hentry"],"acf":{"seed-localization-paese-cod":"IT","seed-localization-address":"","seed-localization-citta":"Genova","seed-localization-regione-cod-istat":"07","seed-localization-citta-cod-istat":"010025","seed-localization-localita":"","seed-localization-cap":"","seed-localization-geo":{"lat":41.9053433,"lng":12.5120544,"zoom":10,"layers":["OpenStreetMap.Mapnik"],"markers":[],"address":"","version":"1.5.6"},"seed-localization-marker-visibility":false,"seed-localization-children-visibility":false,"seed-localization-kml":"","seed-localization-custom-marker":""},"_links":{"self":[{"href":"https:\/\/www.chiesadigenova.it\/ecumenismo\/wp-json\/wp\/v2\/pages\/8","targetHints":{"allow":["GET"]}}],"collection":[{"href":"https:\/\/www.chiesadigenova.it\/ecumenismo\/wp-json\/wp\/v2\/pages"}],"about":[{"href":"https:\/\/www.chiesadigenova.it\/ecumenismo\/wp-json\/wp\/v2\/types\/page"}],"author":[{"embeddable":true,"href":"https:\/\/www.chiesadigenova.it\/ecumenismo\/wp-json\/wp\/v2\/users\/1"}],"replies":[{"embeddable":true,"href":"https:\/\/www.chiesadigenova.it\/ecumenismo\/wp-json\/wp\/v2\/comments?post=8"}],"version-history":[{"count":30,"href":"https:\/\/www.chiesadigenova.it\/ecumenismo\/wp-json\/wp\/v2\/pages\/8\/revisions"}],"predecessor-version":[{"id":827,"href":"https:\/\/www.chiesadigenova.it\/ecumenismo\/wp-json\/wp\/v2\/pages\/8\/revisions\/827"}],"wp:attachment":[{"href":"https:\/\/www.chiesadigenova.it\/ecumenismo\/wp-json\/wp\/v2\/media?parent=8"}],"curies":[{"name":"wp","href":"https:\/\/api.w.org\/{rel}","templated":true}]}}

<div id="pl-8"  class="panel-layout" ><div id="pg-8-0"  class="panel-grid panel-has-style" ><div id="centro_hp" class="panel-row-style panel-row-style-for-8-0" ><div id="pgc-8-0-0"  class="panel-grid-cell" ><div id="panel-8-0-0-0" class="so-panel widget widget_bso-so-widget-all-in-one panel-first-child panel-last-child" data-index="0" ><div id="news_one" class="panel-widget-style panel-widget-style-for-8-0-0-0" ><div
			
			class="so-widget-bso-so-widget-all-in-one so-widget-bso-so-widget-all-in-one-default-d75171398898-8"
			
		><div>
<div class="widget_title">Ultime <b>Notizie</b><div class="arch_news"><a href="/ecumenismo/category/notizie/">Tutte le news <i class="fa-solid fa-arrow-right"></i></a></div></div>                             <div class="single_news">
<div class="immagineapp"><a href="https://www.chiesadigenova.it/ecumenismo/giovedi-16-aprile-a-sestri-ponente-la-camminata-ecumenica/"><img decoding="async" src="https://www.chiesadigenova.it/ecumenismo/wp-content/uploads/sites/30/2025/01/P1056409-150x150.jpg" /></a></div>
<h2><a href="https://www.chiesadigenova.it/ecumenismo/giovedi-16-aprile-a-sestri-ponente-la-camminata-ecumenica/">Giovedì 16 aprile a Sestri Ponente la &#8220;Camminata ecumenica&#8221;</a></h2>
<h5></h5>
<div class="preview_txt">Unire i passi per unire i cuori. Con questo spirito le Chiese Cristiane di Genova organizzano la nuova edizione della &#8220;Camminata Ecumenica&#8221;, che quest&#8217;anno farà tappa nel cuore di Sestri Ponente. L&#8217;evento, previsto per la serata di giovedì 16 aprile, rappresenta un momento di riflessione condivisa e di apertura al dialogo&hellip; <a href="https://www.chiesadigenova.it/ecumenismo/giovedi-16-aprile-a-sestri-ponente-la-camminata-ecumenica/" class="read-more">leggi »</a></div>
</div>
                                                       <div class="single_news">
<div class="immagineapp"><a href="https://www.chiesadigenova.it/ecumenismo/messaggio-del-dicastero-per-il-dialogo-interreligioso-per-il-ramadan/"><img decoding="async" src="https://www.chiesadigenova.it/ecumenismo/wp-content/uploads/sites/30/2024/04/lettera-150x150.png" /></a></div>
<h2><a href="https://www.chiesadigenova.it/ecumenismo/messaggio-del-dicastero-per-il-dialogo-interreligioso-per-il-ramadan/">Messaggio del Dicastero per il Dialogo Interreligioso per il Ramadan</a></h2>
<h5></h5>
<div class="preview_txt">Il Dicastero per il Dialogo Interreligioso ha diffuso un messaggio ufficiale rivolto ai fedeli musulmani in occasione del mese sacro di Ramadan e della festa di ‘Id al-Fitr, che ne segna la conclusione. Il documento, trasmesso alle istituzioni e agli organismi interessati, invita a favorirne la più ampia diffusione possibile, con l’obiettivo di promuovere il dialogo, la comprensione&hellip; <a href="https://www.chiesadigenova.it/ecumenismo/messaggio-del-dicastero-per-il-dialogo-interreligioso-per-il-ramadan/" class="read-more">leggi »</a></div>
</div>
                                                       <div class="single_news">
<div class="immagineapp"><a href="https://www.chiesadigenova.it/ecumenismo/svolta-in-cattedrale-la-veglia-ecumenica-in-cristo-messaggeri-di-pace/"><img decoding="async" src="https://www.chiesadigenova.it/ecumenismo/wp-content/uploads/sites/30/2026/01/veglia_ecumenica-150x150.jpeg" /></a></div>
<h2><a href="https://www.chiesadigenova.it/ecumenismo/svolta-in-cattedrale-la-veglia-ecumenica-in-cristo-messaggeri-di-pace/">Svolta in Cattedrale la Veglia ecumenica: in Cristo messaggeri di pace</a></h2>
<h5></h5>
<div class="preview_txt">Venerdì 23 gennaio si è svolta in Cattedrale la veglia ecumenica di preghiera per l’unità dei cristiani nell’ambito delle iniziative per la Settimana di preghiera per l’unità dei cristiani nella nostra città. “Uno solo è il corpo, uno solo è lo Spirito come una sola è la speranza alla quale Dio vi ha chiamati” questo il tema e il filo&hellip; <a href="https://www.chiesadigenova.it/ecumenismo/svolta-in-cattedrale-la-veglia-ecumenica-in-cristo-messaggeri-di-pace/" class="read-more">leggi »</a></div>
</div>
                           </div></div></div></div></div><div id="pgc-8-0-1"  class="panel-grid-cell" ><div id="panel-8-0-1-0" class="so-panel widget widget_sow-editor panel-first-child" data-index="1" ><div
			
			class="so-widget-sow-editor so-widget-sow-editor-base"
			
		>
<div class="siteorigin-widget-tinymce textwidget">
	<p><img loading="lazy" decoding="async" class=" wp-image-492 alignleft" src="https://www.chiesadigenova.it/ecumenismo/wp-content/uploads/sites/30/2023/12/BERNAGOZZI-225x300.jpg" alt="" width="89" height="119" srcset="https://www.chiesadigenova.it/ecumenismo/wp-content/uploads/sites/30/2023/12/BERNAGOZZI-225x300.jpg 225w, https://www.chiesadigenova.it/ecumenismo/wp-content/uploads/sites/30/2023/12/BERNAGOZZI.jpg 354w" sizes="auto, (max-width: 89px) 100vw, 89px" /><strong>Coordinatore</strong></p>
<p><a href="https://www.chiesadigenova.it/wd-annuario-persone/gabriele-bernagozzi-945/">Don Gabriele Bernagozzi</a></p>
<p>mail: ufficioecumenico@diocesi.genova.it</p>
</div>
</div></div><div id="panel-8-0-1-1" class="so-panel widget widget_sow-image" data-index="2" ><div
			
			class="so-widget-sow-image so-widget-sow-image-default-dbf295114b96-856"
			
		>

<div class="sow-image-container">
			<a href="https://unedi.chiesacattolica.it/"
					>
			<img loading="lazy" decoding="async" src="https://www.chiesadigenova.it/ecumenismo/wp-content/uploads/sites/30/2023/12/logo_unedi_nazionale.jpg" width="370" height="121" srcset="https://www.chiesadigenova.it/ecumenismo/wp-content/uploads/sites/30/2023/12/logo_unedi_nazionale.jpg 370w, https://www.chiesadigenova.it/ecumenismo/wp-content/uploads/sites/30/2023/12/logo_unedi_nazionale-300x98.jpg 300w" sizes="auto, (max-width: 370px) 100vw, 370px" title="Ufficio Nazionale Ecumenismo e Dialogo Interreligioso" alt="" 		class="so-widget-image"/>
	</a></div>

</div></div><div id="panel-8-0-1-2" class="so-panel widget widget_sow-image panel-last-child" data-index="3" ><div
			
			class="so-widget-sow-image so-widget-sow-image-default-dbf295114b96-856"
			
		>

<div class="sow-image-container">
			<a href="https://www.chiesadigenova.it/"
			target="_blank" rel="noopener noreferrer" 		>
			<img loading="lazy" decoding="async" src="https://www.chiesadigenova.it/ecumenismo/wp-content/uploads/sites/30/2024/09/chiesadiGenova.png" width="342" height="87" srcset="https://www.chiesadigenova.it/ecumenismo/wp-content/uploads/sites/30/2024/09/chiesadiGenova.png 342w, https://www.chiesadigenova.it/ecumenismo/wp-content/uploads/sites/30/2024/09/chiesadiGenova-300x76.png 300w" sizes="auto, (max-width: 342px) 100vw, 342px" title="chiesadigenova.it" alt="chiesadigenova.it" 		class="so-widget-image"/>
	</a></div>

</div></div></div></div></div></div>
