{"id":106,"date":"2019-04-18T17:13:26","date_gmt":"2019-04-18T15:13:26","guid":{"rendered":"http:\/\/cultura.chiesadigenova.it\/?page_id=106"},"modified":"2024-09-25T15:36:18","modified_gmt":"2024-09-25T13:36:18","slug":"sala-quadrivium-p-zza-santa-marta-2","status":"publish","type":"page","link":"https:\/\/www.chiesadigenova.it\/cultura\/sala-quadrivium-p-zza-santa-marta-2\/","title":{"rendered":"Sala Quadrivium"},"content":{"rendered":"<p style=\"text-align: left;\"><span style=\"font-size: inherit;\"><img loading=\"lazy\" decoding=\"async\" class=\" wp-image-246 alignleft\" src=\"https:\/\/www.chiesadigenova.it\/cultura\/wp-content\/uploads\/sites\/3\/2020\/10\/entrata--225x300.jpg\" alt=\"\" width=\"256\" height=\"341\" srcset=\"https:\/\/www.chiesadigenova.it\/cultura\/wp-content\/uploads\/sites\/3\/2020\/10\/entrata--225x300.jpg 225w, https:\/\/www.chiesadigenova.it\/cultura\/wp-content\/uploads\/sites\/3\/2020\/10\/entrata--768x1024.jpg 768w, https:\/\/www.chiesadigenova.it\/cultura\/wp-content\/uploads\/sites\/3\/2020\/10\/entrata--1152x1536.jpg 1152w, https:\/\/www.chiesadigenova.it\/cultura\/wp-content\/uploads\/sites\/3\/2020\/10\/entrata--800x1067.jpg 800w, https:\/\/www.chiesadigenova.it\/cultura\/wp-content\/uploads\/sites\/3\/2020\/10\/entrata--1200x1600.jpg 1200w, https:\/\/www.chiesadigenova.it\/cultura\/wp-content\/uploads\/sites\/3\/2020\/10\/entrata-.jpg 1536w\" sizes=\"auto, (max-width: 256px) 100vw, 256px\" \/><img loading=\"lazy\" decoding=\"async\" class=\" wp-image-298 alignright\" src=\"https:\/\/www.chiesadigenova.it\/cultura\/wp-content\/uploads\/sites\/3\/2021\/03\/f2767023-fac1-4290-8eff-bf8d28a4a0f4-1-209x300.jpg\" alt=\"\" width=\"181\" height=\"260\" srcset=\"https:\/\/www.chiesadigenova.it\/cultura\/wp-content\/uploads\/sites\/3\/2021\/03\/f2767023-fac1-4290-8eff-bf8d28a4a0f4-1-209x300.jpg 209w, https:\/\/www.chiesadigenova.it\/cultura\/wp-content\/uploads\/sites\/3\/2021\/03\/f2767023-fac1-4290-8eff-bf8d28a4a0f4-1.jpg 557w\" sizes=\"auto, (max-width: 181px) 100vw, 181px\" \/><\/span><\/p>\n<p><strong>ASSOCIAZIONE QUADRIVIUM GENOVA<\/strong><\/p>\n<p style=\"text-align: left;\"><span style=\"font-size: inherit;\">Il Quadrivium dispone di 4 sale e un corridoio adiacente al salone dove si possono svolgere convegni , corsi di formazione.<\/span><br \/>\nNel corridoio sono presenti e sono a disposizione tavoli per svolgere un servizio di coffee-break, aperitivi o piccolo buffet solo ed esclusivamente in piedi.<\/p>\n<p>Sono elencate qui di seguito:<\/p>\n<p><strong>1. Salone<\/strong> = capienza 304 posti a sedere; poltrone rosse fisse in sala; attrezzature disponibili: impianto audio, schermo per proiettare appeso al muro alle spalle del tavolo dei relatori; videoproiettore appeso al soffitto, 1 pc fisso ed un pc portatile sul tavolo dei relatori; 4 microfoni fissi sul tavolo dei relatori, 2 microfono gelato senza fili, 1 microfono a spillo,\u00a0 rete internet WIFI. Sala dotata di sistema per svolgere le dirette streaming.<\/p>\n<p><strong>Il salone \u00e8 dotato di Sistema di amplificazione a induzione magnetica per ipoudenti<\/strong>.<\/p>\n<p><strong>2. Sala Regia<\/strong> = capienza 60 posti a sedere ; attrezzatura disponibile: 1 schermo per proiettare; 1 pc fisso, \u00e8 presente il videoproiettore; 1 microfono con asta; le sedie sono dotate di ribaltina. Impianto di aria condizionata.\u00a0 Per accedere alla sala: <strong>indirizzo Piazza Santa Marta, 2.<\/strong><\/p>\n<p><strong>3. Sala A o detta &#8220;Pilastro&#8221; <\/strong>= capienza 70 posti a sedere ; attrezzatura disponibile: 1 schermo per proiettare; \u00e8 presente il videoproiettore; 1 pc fisso. Impianto di aria condizionata. Le sedie sono dotate di ribaltina. Per accedere alla sala: <strong>ingresso da Via XII Ottobre, 14 ( portoncino grigio angolo vicino al ristorante X- Sushi).<\/strong><\/p>\n<div id='gallery-1' class='gallery galleryid-106 gallery-columns-3 gallery-size-thumbnail'><figure class='gallery-item'>\n\t\t\t<div class='gallery-icon landscape'>\n\t\t\t\t<a href='https:\/\/www.chiesadigenova.it\/cultura\/wp-content\/uploads\/sites\/3\/2019\/04\/disposizione-salone.jpg' title=\"\" data-rl_title=\"\" class=\"rl-gallery-link\" data-rl_caption=\"\" data-rel=\"lightbox-gallery-1\"><img loading=\"lazy\" decoding=\"async\" width=\"150\" height=\"150\" src=\"https:\/\/www.chiesadigenova.it\/cultura\/wp-content\/uploads\/sites\/3\/2019\/04\/disposizione-salone-150x150.jpg\" class=\"attachment-thumbnail size-thumbnail\" alt=\"\" \/><\/a>\n\t\t\t<\/div><\/figure><figure class='gallery-item'>\n\t\t\t<div class='gallery-icon landscape'>\n\t\t\t\t<a href='https:\/\/www.chiesadigenova.it\/cultura\/wp-content\/uploads\/sites\/3\/2019\/04\/sala-Regia.jpg' title=\"\" data-rl_title=\"\" class=\"rl-gallery-link\" data-rl_caption=\"\" data-rel=\"lightbox-gallery-1\"><img loading=\"lazy\" decoding=\"async\" width=\"150\" height=\"150\" src=\"https:\/\/www.chiesadigenova.it\/cultura\/wp-content\/uploads\/sites\/3\/2019\/04\/sala-Regia-150x150.jpg\" class=\"attachment-thumbnail size-thumbnail\" alt=\"\" \/><\/a>\n\t\t\t<\/div><\/figure><figure class='gallery-item'>\n\t\t\t<div class='gallery-icon portrait'>\n\t\t\t\t<a href='https:\/\/www.chiesadigenova.it\/cultura\/wp-content\/uploads\/sites\/3\/2019\/04\/giardino-interno.jpg' title=\"\" data-rl_title=\"\" class=\"rl-gallery-link\" data-rl_caption=\"\" data-rel=\"lightbox-gallery-1\"><img loading=\"lazy\" decoding=\"async\" width=\"150\" height=\"150\" src=\"https:\/\/www.chiesadigenova.it\/cultura\/wp-content\/uploads\/sites\/3\/2019\/04\/giardino-interno-150x150.jpg\" class=\"attachment-thumbnail size-thumbnail\" alt=\"\" \/><\/a>\n\t\t\t<\/div><\/figure>\n\t\t<\/div>\n\n<p><strong>4. Sala C<\/strong> = capienza 25 posti; schermo per proiettare comunicante con la sala A;\u00a0 \u00e8 presente il videoproiettore; impianto di aria condizionata.\u00a0 Per accedere alla sala: <strong>ingresso da Via XII Ottobre, 14<\/strong> ( portoncino grigio angolo).<\/p>\n<p><strong>Per informazioni relative a costi, orari, disponibilit\u00e0 e prenotazioni delle sale:<\/strong><\/p>\n<p><em>Dott.ssa Gloria Gitto<\/em><br \/>\nDal luned\u00ec al venerd\u00ec dalle ore 9.00 alle ore 13.00<br \/>\nTel.: 010.2700 251<\/p>\n<p>mail:<strong> <a href=\"mailto:quadrivium@diocesi.genova.it\">quadrivium@diocesi.genova.it<\/a><\/strong><\/p>\n<p>Durante gli eventi \u00e8 presente il custode che apre solitamente mezz&#8217;ora prima dell&#8217;inizio dell&#8217;evento e chiude mezz&#8217;ora dopo la fine dell&#8217;evento. Eventuali aperture anticipate o chiusure posticipate, vanno concordate con la segreteria in fase di prenotazione.<\/p>\n<p><strong>NB : la struttura \u00e8 aperta dal luned\u00ec al sabato; la domenica \u00e8 chiusa (salvo eventi concordati).<\/strong><\/p>\n<p>&nbsp;<\/p>\n<p><strong>C.F. 95231600107<\/strong><\/p>\n<p><strong>P.IVA 02798250995<\/strong><\/p>\n<p>&nbsp;<\/p>\n","protected":false},"excerpt":{"rendered":"<p>ASSOCIAZIONE QUADRIVIUM GENOVA Il Quadrivium dispone di 4 sale e un corridoio adiacente al salone dove si possono svolgere convegni , corsi di formazione. Nel corridoio sono presenti e sono a disposizione tavoli per svolgere un servizio di coffee-break, aperitivi o piccolo buffet solo ed esclusivamente in piedi. Sono elencate qui di seguito: 1. Salone [&hellip;]<\/p>\n","protected":false},"author":1,"featured_media":0,"parent":0,"menu_order":0,"comment_status":"closed","ping_status":"closed","template":"","meta":{"_acf_changed":false,"footnotes":""},"class_list":["post-106","page","type-page","status-publish","hentry"],"acf":{"seed-localization-paese-cod":"IT","seed-localization-address":"Piazza Santa Marta 2 16121 Genova Liguria Italia","seed-localization-citta":"Genova","seed-localization-regione-cod-istat":"07","seed-localization-citta-cod-istat":"010025","seed-localization-localita":"Genova","seed-localization-cap":"16122","seed-localization-geo":{"lat":44.4092594,"lng":8.9380646,"zoom":10,"layers":["OpenStreetMap.Mapnik"],"markers":[{"default_label":"Piazza Santa Marta 216121 Genova Liguria Italia","lat":44.4092594,"lng":8.9380646,"label":"Piazza Santa Marta 216121 Genova Liguria Italia"}],"address":"Piazza Santa Marta 216121 Genova Liguria Italia","version":"1.5.6"},"seed-localization-marker-visibility":false,"seed-localization-children-visibility":false,"seed-localization-kml":"","seed-localization-custom-marker":""},"_links":{"self":[{"href":"https:\/\/www.chiesadigenova.it\/cultura\/wp-json\/wp\/v2\/pages\/106","targetHints":{"allow":["GET"]}}],"collection":[{"href":"https:\/\/www.chiesadigenova.it\/cultura\/wp-json\/wp\/v2\/pages"}],"about":[{"href":"https:\/\/www.chiesadigenova.it\/cultura\/wp-json\/wp\/v2\/types\/page"}],"author":[{"embeddable":true,"href":"https:\/\/www.chiesadigenova.it\/cultura\/wp-json\/wp\/v2\/users\/1"}],"replies":[{"embeddable":true,"href":"https:\/\/www.chiesadigenova.it\/cultura\/wp-json\/wp\/v2\/comments?post=106"}],"version-history":[{"count":24,"href":"https:\/\/www.chiesadigenova.it\/cultura\/wp-json\/wp\/v2\/pages\/106\/revisions"}],"predecessor-version":[{"id":475,"href":"https:\/\/www.chiesadigenova.it\/cultura\/wp-json\/wp\/v2\/pages\/106\/revisions\/475"}],"wp:attachment":[{"href":"https:\/\/www.chiesadigenova.it\/cultura\/wp-json\/wp\/v2\/media?parent=106"}],"curies":[{"name":"wp","href":"https:\/\/api.w.org\/{rel}","templated":true}]}}

<p style="text-align: left;"><span style="font-size: inherit;"><img loading="lazy" decoding="async" class=" wp-image-246 alignleft" src="https://www.chiesadigenova.it/cultura/wp-content/uploads/sites/3/2020/10/entrata--225x300.jpg" alt="" width="256" height="341" srcset="https://www.chiesadigenova.it/cultura/wp-content/uploads/sites/3/2020/10/entrata--225x300.jpg 225w, https://www.chiesadigenova.it/cultura/wp-content/uploads/sites/3/2020/10/entrata--768x1024.jpg 768w, https://www.chiesadigenova.it/cultura/wp-content/uploads/sites/3/2020/10/entrata--1152x1536.jpg 1152w, https://www.chiesadigenova.it/cultura/wp-content/uploads/sites/3/2020/10/entrata--800x1067.jpg 800w, https://www.chiesadigenova.it/cultura/wp-content/uploads/sites/3/2020/10/entrata--1200x1600.jpg 1200w, https://www.chiesadigenova.it/cultura/wp-content/uploads/sites/3/2020/10/entrata-.jpg 1536w" sizes="auto, (max-width: 256px) 100vw, 256px" /><img loading="lazy" decoding="async" class=" wp-image-298 alignright" src="https://www.chiesadigenova.it/cultura/wp-content/uploads/sites/3/2021/03/f2767023-fac1-4290-8eff-bf8d28a4a0f4-1-209x300.jpg" alt="" width="181" height="260" srcset="https://www.chiesadigenova.it/cultura/wp-content/uploads/sites/3/2021/03/f2767023-fac1-4290-8eff-bf8d28a4a0f4-1-209x300.jpg 209w, https://www.chiesadigenova.it/cultura/wp-content/uploads/sites/3/2021/03/f2767023-fac1-4290-8eff-bf8d28a4a0f4-1.jpg 557w" sizes="auto, (max-width: 181px) 100vw, 181px" /></span></p>
<p><strong>ASSOCIAZIONE QUADRIVIUM GENOVA</strong></p>
<p style="text-align: left;"><span style="font-size: inherit;">Il Quadrivium dispone di 4 sale e un corridoio adiacente al salone dove si possono svolgere convegni , corsi di formazione.</span><br />
Nel corridoio sono presenti e sono a disposizione tavoli per svolgere un servizio di coffee-break, aperitivi o piccolo buffet solo ed esclusivamente in piedi.</p>
<p>Sono elencate qui di seguito:</p>
<p><strong>1. Salone</strong> = capienza 304 posti a sedere; poltrone rosse fisse in sala; attrezzature disponibili: impianto audio, schermo per proiettare appeso al muro alle spalle del tavolo dei relatori; videoproiettore appeso al soffitto, 1 pc fisso ed un pc portatile sul tavolo dei relatori; 4 microfoni fissi sul tavolo dei relatori, 2 microfono gelato senza fili, 1 microfono a spillo,  rete internet WIFI. Sala dotata di sistema per svolgere le dirette streaming.</p>
<p><strong>Il salone è dotato di Sistema di amplificazione a induzione magnetica per ipoudenti</strong>.</p>
<p><strong>2. Sala Regia</strong> = capienza 60 posti a sedere ; attrezzatura disponibile: 1 schermo per proiettare; 1 pc fisso, è presente il videoproiettore; 1 microfono con asta; le sedie sono dotate di ribaltina. Impianto di aria condizionata.  Per accedere alla sala: <strong>indirizzo Piazza Santa Marta, 2.</strong></p>
<p><strong>3. Sala A o detta &#8220;Pilastro&#8221; </strong>= capienza 70 posti a sedere ; attrezzatura disponibile: 1 schermo per proiettare; è presente il videoproiettore; 1 pc fisso. Impianto di aria condizionata. Le sedie sono dotate di ribaltina. Per accedere alla sala: <strong>ingresso da Via XII Ottobre, 14 ( portoncino grigio angolo vicino al ristorante X- Sushi).</strong></p>
<div id='gallery-1' class='gallery galleryid-106 gallery-columns-3 gallery-size-thumbnail'><figure class='gallery-item'>
			<div class='gallery-icon landscape'>
				<a href='https://www.chiesadigenova.it/cultura/wp-content/uploads/sites/3/2019/04/disposizione-salone.jpg' title="" data-rl_title="" class="rl-gallery-link" data-rl_caption="" data-rel="lightbox-gallery-1"><img loading="lazy" decoding="async" width="150" height="150" src="https://www.chiesadigenova.it/cultura/wp-content/uploads/sites/3/2019/04/disposizione-salone-150x150.jpg" class="attachment-thumbnail size-thumbnail" alt="" /></a>
			</div></figure><figure class='gallery-item'>
			<div class='gallery-icon landscape'>
				<a href='https://www.chiesadigenova.it/cultura/wp-content/uploads/sites/3/2019/04/sala-Regia.jpg' title="" data-rl_title="" class="rl-gallery-link" data-rl_caption="" data-rel="lightbox-gallery-1"><img loading="lazy" decoding="async" width="150" height="150" src="https://www.chiesadigenova.it/cultura/wp-content/uploads/sites/3/2019/04/sala-Regia-150x150.jpg" class="attachment-thumbnail size-thumbnail" alt="" /></a>
			</div></figure><figure class='gallery-item'>
			<div class='gallery-icon portrait'>
				<a href='https://www.chiesadigenova.it/cultura/wp-content/uploads/sites/3/2019/04/giardino-interno.jpg' title="" data-rl_title="" class="rl-gallery-link" data-rl_caption="" data-rel="lightbox-gallery-1"><img loading="lazy" decoding="async" width="150" height="150" src="https://www.chiesadigenova.it/cultura/wp-content/uploads/sites/3/2019/04/giardino-interno-150x150.jpg" class="attachment-thumbnail size-thumbnail" alt="" /></a>
			</div></figure>
		</div>

<p><strong>4. Sala C</strong> = capienza 25 posti; schermo per proiettare comunicante con la sala A;  è presente il videoproiettore; impianto di aria condizionata.  Per accedere alla sala: <strong>ingresso da Via XII Ottobre, 14</strong> ( portoncino grigio angolo).</p>
<p><strong>Per informazioni relative a costi, orari, disponibilità e prenotazioni delle sale:</strong></p>
<p><em>Dott.ssa Gloria Gitto</em><br />
Dal lunedì al venerdì dalle ore 9.00 alle ore 13.00<br />
Tel.: 010.2700 251</p>
<p>mail:<strong> <a href="mailto:quadrivium@diocesi.genova.it">quadrivium@diocesi.genova.it</a></strong></p>
<p>Durante gli eventi è presente il custode che apre solitamente mezz&#8217;ora prima dell&#8217;inizio dell&#8217;evento e chiude mezz&#8217;ora dopo la fine dell&#8217;evento. Eventuali aperture anticipate o chiusure posticipate, vanno concordate con la segreteria in fase di prenotazione.</p>
<p><strong>NB : la struttura è aperta dal lunedì al sabato; la domenica è chiusa (salvo eventi concordati).</strong></p>
<p>&nbsp;</p>
<p><strong>C.F. 95231600107</strong></p>
<p><strong>P.IVA 02798250995</strong></p>
<p>&nbsp;</p>
